CRAN Package Check Results for Package phenopix

Last updated on 2025-10-23 09:50:54 CEST.

Flavor Version Tinstall Tcheck Ttotal Status Flags
r-devel-linux-x86_64-debian-clang 2.4.5 32.75 258.69 291.44 NOTE
r-devel-linux-x86_64-debian-gcc 2.4.5 21.01 161.12 182.13 OK
r-devel-linux-x86_64-fedora-clang 2.4.5 82.00 353.37 435.37 OK
r-devel-linux-x86_64-fedora-gcc 2.4.5 67.00 367.80 434.80 OK
r-devel-windows-x86_64 2.4.5 31.00 209.00 240.00 OK
r-patched-linux-x86_64 2.4.5 33.99 246.02 280.01 OK
r-release-linux-x86_64 2.4.5 31.32 245.48 276.80 OK
r-release-macos-arm64 2.4.5 12.00 91.00 103.00 OK
r-release-macos-x86_64 2.4.5 30.00 192.00 222.00 OK
r-release-windows-x86_64 2.4.5 31.00 214.00 245.00 OK
r-oldrel-macos-arm64 2.4.5 13.00 84.00 97.00 OK
r-oldrel-macos-x86_64 2.4.5 41.00 200.00 241.00 OK
r-oldrel-windows-x86_64 2.4.5 42.00 261.00 303.00 OK

Check Details

Version: 2.4.5
Check: HTML version of manual
Result: NOTE Found the following HTML validation problems: FitDoubleLogBeck.html:102:1 (FitDoubleLogBeck.Rd:47): Warning: missing </ul> before </div> FitDoubleLogElmore.html:96:1 (FitDoubleLogElmore.Rd:43): Warning: missing </ul> before </div> Flavor: r-devel-linux-x86_64-debian-clang

These binaries (installable software) and packages are in development.
They may not be fully stable and should be used with caution. We make no claims about them.