Last updated on 2025-05-01 08:52:41 CEST.
Flavor | Version | Tinstall | Tcheck | Ttotal | Status | Flags |
---|---|---|---|---|---|---|
r-devel-linux-x86_64-debian-clang | 1.0.2 | 9.91 | 86.43 | 96.34 | NOTE | |
r-devel-linux-x86_64-debian-gcc | 1.0.2 | 7.93 | 60.46 | 68.39 | OK | |
r-devel-linux-x86_64-fedora-clang | 1.0.2 | 142.11 | OK | |||
r-devel-linux-x86_64-fedora-gcc | 1.0.2 | 134.82 | OK | |||
r-devel-windows-x86_64 | 1.0.2 | 11.00 | 94.00 | 105.00 | OK | |
r-patched-linux-x86_64 | 1.0.2 | 10.68 | 76.53 | 87.21 | OK | |
r-release-linux-x86_64 | OK | |||||
r-release-macos-arm64 | 1.0.2 | 61.00 | OK | |||
r-release-macos-x86_64 | 1.0.2 | 81.00 | OK | |||
r-release-windows-x86_64 | 1.0.2 | 12.00 | 99.00 | 111.00 | OK | |
r-oldrel-macos-arm64 | 1.0.2 | 44.00 | OK | |||
r-oldrel-macos-x86_64 | 1.0.2 | 64.00 | OK | |||
r-oldrel-windows-x86_64 | 1.0.2 | 15.00 | 112.00 | 127.00 | OK |
Version: 1.0.2
Check: examples
Result: NOTE
Examples with CPU (user + system) or elapsed time > 5s
user system elapsed
getWeights 6.687 0.247 5.904
mapDiseaseToPhecode 6.442 0.153 6.209
Examples with CPU time > 2.5 times elapsed time
user system elapsed ratio
getScores 1.099 0.044 0.430 2.658
getResidualScores 1.144 0.070 0.472 2.572
Flavor: r-devel-linux-x86_64-debian-clang
Version: 1.0.2
Check: examples
Result: NA
user system elapsed
getWeights 4.467 0.059 5.081
OK
Flavor: r-devel-linux-x86_64-debian-gcc
These binaries (installable software) and packages are in development.
They may not be fully stable and should be used with caution. We make no claims about them.