Last updated on 2025-02-16 08:50:56 CET.
Flavor | Version | Tinstall | Tcheck | Ttotal | Status | Flags |
---|---|---|---|---|---|---|
r-devel-linux-x86_64-debian-clang | 0.3-1 | 8.14 | 69.28 | 77.42 | NOTE | |
r-devel-linux-x86_64-debian-gcc | 0.3-1 | 5.51 | 51.14 | 56.65 | NOTE | |
r-devel-linux-x86_64-fedora-clang | 0.3-1 | 123.63 | OK | |||
r-devel-linux-x86_64-fedora-gcc | 0.3-1 | 131.62 | OK | |||
r-devel-macos-arm64 | 0.3-1 | 49.00 | OK | |||
r-devel-macos-x86_64 | 0.3-1 | 81.00 | OK | |||
r-devel-windows-x86_64 | 0.3-1 | 9.00 | 100.00 | 109.00 | NOTE | |
r-patched-linux-x86_64 | 0.3-1 | 14.48 | 66.21 | 80.69 | OK | |
r-release-linux-x86_64 | 0.3-1 | 6.95 | 66.60 | 73.55 | OK | |
r-release-macos-arm64 | 0.3-1 | 43.00 | OK | |||
r-release-macos-x86_64 | 0.3-1 | 63.00 | OK | |||
r-release-windows-x86_64 | 0.3-1 | 9.00 | 99.00 | 108.00 | OK | |
r-oldrel-macos-arm64 | 0.3-1 | 50.00 | OK | |||
r-oldrel-macos-x86_64 | 0.3-1 | 133.00 | OK | |||
r-oldrel-windows-x86_64 | 0.3-1 | 11.00 | 129.00 | 140.00 | OK |
Version: 0.3-1
Check: Rd cross-references
Result: NOTE
Found the following Rd file(s) with Rd \link{} targets missing package
anchors:
interactionMeans.Rd: Anova, linearHypothesis
testFactors.Rd: linearHypothesis, Anova
testInteractions.Rd: Anova, linearHypothesis
Please provide package anchors for all Rd \link{} targets not in the
package itself and the base packages.
Flavors: r-devel-linux-x86_64-debian-clang, r-devel-linux-x86_64-debian-gcc, r-devel-windows-x86_64
These binaries (installable software) and packages are in development.
They may not be fully stable and should be used with caution. We make no claims about them.