Last updated on 2024-07-27 15:50:28 CEST.
Flavor | Version | Tinstall | Tcheck | Ttotal | Status | Flags |
---|---|---|---|---|---|---|
r-devel-linux-x86_64-debian-clang | 0.8.0 | 25.19 | 65.97 | 91.16 | NOTE | |
r-devel-linux-x86_64-debian-gcc | 0.8.0 | NOTE | ||||
r-devel-linux-x86_64-fedora-clang | 0.8.0 | 125.36 | NOTE | |||
r-devel-linux-x86_64-fedora-gcc | 0.8.0 | 137.64 | NOTE | |||
r-devel-windows-x86_64 | 0.8.0 | 23.00 | 101.00 | 124.00 | NOTE | |
r-patched-linux-x86_64 | 0.8.0 | NOTE | ||||
r-release-linux-x86_64 | 0.8.0 | 22.47 | 62.32 | 84.79 | NOTE | |
r-release-macos-arm64 | 0.8.0 | 44.00 | OK | |||
r-release-macos-x86_64 | 0.8.0 | 74.00 | OK | |||
r-release-windows-x86_64 | 0.8.0 | 27.00 | 94.00 | 121.00 | NOTE | |
r-oldrel-macos-arm64 | 0.8.0 | 47.00 | OK | |||
r-oldrel-macos-x86_64 | 0.8.0 | 122.00 | OK | |||
r-oldrel-windows-x86_64 | 0.8.0 | 27.00 | 110.00 | 137.00 | OK |
Version: 0.8.0
Check: HTML version of manual
Result: NOTE
Found the following HTML validation problems:
estimate.probability.html:33:1 (estimate.probability.Rd:25): Warning: trimming empty <li>
estimate.probability.html:35:1 (estimate.probability.Rd:26): Warning: trimming empty <li>
Flavors: r-devel-linux-x86_64-debian-clang, r-devel-linux-x86_64-debian-gcc, r-devel-linux-x86_64-fedora-clang, r-devel-linux-x86_64-fedora-gcc, r-devel-windows-x86_64, r-patched-linux-x86_64, r-release-linux-x86_64, r-release-windows-x86_64
These binaries (installable software) and packages are in development.
They may not be fully stable and should be used with caution. We make no claims about them.