Last updated on 2025-05-02 04:49:43 CEST.
Flavor | Version | Tinstall | Tcheck | Ttotal | Status | Flags |
---|---|---|---|---|---|---|
r-devel-linux-x86_64-debian-clang | 0.2-2.2 | 5.96 | 41.43 | 47.39 | NOTE | |
r-devel-linux-x86_64-debian-gcc | 0.2-2.2 | 3.92 | 30.17 | 34.09 | NOTE | |
r-devel-linux-x86_64-fedora-clang | 0.2-2.2 | 73.65 | OK | |||
r-devel-linux-x86_64-fedora-gcc | 0.2-2.2 | 69.54 | OK | |||
r-devel-windows-x86_64 | 0.2-2.2 | 7.00 | 69.00 | 76.00 | OK | |
r-patched-linux-x86_64 | 0.2-2.2 | 6.27 | 39.00 | 45.27 | OK | |
r-release-linux-x86_64 | OK | |||||
r-release-macos-arm64 | 0.2-2.2 | 27.00 | OK | |||
r-release-macos-x86_64 | 0.2-2.2 | 55.00 | OK | |||
r-release-windows-x86_64 | 0.2-2.2 | 9.00 | 73.00 | 82.00 | OK | |
r-oldrel-macos-arm64 | 0.2-2.2 | 23.00 | OK | |||
r-oldrel-macos-x86_64 | 0.2-2.2 | 39.00 | OK | |||
r-oldrel-windows-x86_64 | 0.2-2.2 | 6.00 | 63.00 | 69.00 | OK |
Version: 0.2-2.2
Check: CRAN incoming feasibility
Result: NOTE
Maintainer: ‘Santiago Barreda <sbarreda@ucdavis.edu>’
No Authors@R field in DESCRIPTION.
Please add one, modifying
Authors@R: person(given = "Santiago",
family = "Barreda",
role = c("aut", "cre"),
email = "sbarreda@ucdavis.edu")
as necessary.
Flavors: r-devel-linux-x86_64-debian-clang, r-devel-linux-x86_64-debian-gcc
These binaries (installable software) and packages are in development.
They may not be fully stable and should be used with caution. We make no claims about them.