Last updated on 2025-02-16 08:50:56 CET.
Flavor | Version | Tinstall | Tcheck | Ttotal | Status | Flags |
---|---|---|---|---|---|---|
r-devel-linux-x86_64-debian-clang | 0.0.17 | 8.49 | 69.21 | 77.70 | NOTE | |
r-devel-linux-x86_64-debian-gcc | 0.0.17 | 5.77 | 49.46 | 55.23 | NOTE | |
r-devel-linux-x86_64-fedora-clang | 0.0.17 | 124.78 | NOTE | |||
r-devel-linux-x86_64-fedora-gcc | 0.0.17 | 128.32 | NOTE | |||
r-devel-macos-arm64 | 0.0.17 | 54.00 | OK | |||
r-devel-macos-x86_64 | 0.0.17 | 126.00 | NOTE | |||
r-devel-windows-x86_64 | 0.0.17 | 11.00 | 87.00 | 98.00 | NOTE | |
r-patched-linux-x86_64 | 0.0.17 | 7.79 | 62.66 | 70.45 | OK | |
r-release-linux-x86_64 | 0.0.17 | 7.35 | 62.89 | 70.24 | OK | |
r-release-macos-arm64 | 0.0.17 | 45.00 | OK | |||
r-release-macos-x86_64 | 0.0.17 | 106.00 | OK | |||
r-release-windows-x86_64 | 0.0.17 | 10.00 | 88.00 | 98.00 | OK | |
r-oldrel-macos-arm64 | 0.0.17 | 63.00 | OK | |||
r-oldrel-macos-x86_64 | 0.0.17 | 78.00 | OK | |||
r-oldrel-windows-x86_64 | 0.0.17 | 13.00 | 106.00 | 119.00 | OK |
Version: 0.0.17
Check: DESCRIPTION meta-information
Result: NOTE
Missing dependency on R >= 4.1.0 because package code uses the pipe
|> or function shorthand \(...) syntax added in R 4.1.0.
File(s) using such syntax:
‘df_to_tier.R’
Flavors: r-devel-linux-x86_64-debian-clang, r-devel-linux-x86_64-debian-gcc, r-devel-linux-x86_64-fedora-clang, r-devel-linux-x86_64-fedora-gcc, r-devel-macos-x86_64, r-devel-windows-x86_64
These binaries (installable software) and packages are in development.
They may not be fully stable and should be used with caution. We make no claims about them.