Last updated on 2025-02-02 14:48:31 CET.
Flavor | Version | Tinstall | Tcheck | Ttotal | Status | Flags |
---|---|---|---|---|---|---|
r-devel-linux-x86_64-debian-clang | 0.4.29 | 7.66 | 128.92 | 136.58 | NOTE | |
r-devel-linux-x86_64-debian-gcc | 0.4.29 | 4.52 | 98.16 | 102.68 | NOTE | |
r-devel-linux-x86_64-fedora-clang | 0.4.29 | 233.26 | NOTE | |||
r-devel-linux-x86_64-fedora-gcc | 0.4.29 | 247.82 | NOTE | |||
r-devel-windows-x86_64 | 0.4.29 | 8.00 | 140.00 | 148.00 | NOTE | |
r-patched-linux-x86_64 | 0.4.29 | 6.98 | 120.30 | 127.28 | OK | |
r-release-linux-x86_64 | 0.4.29 | 5.73 | 120.10 | 125.83 | OK | |
r-release-macos-arm64 | 0.4.29 | 79.00 | OK | |||
r-release-macos-x86_64 | 0.4.29 | 111.00 | OK | |||
r-release-windows-x86_64 | 0.4.29 | 10.00 | 135.00 | 145.00 | OK | |
r-oldrel-macos-arm64 | 0.4.29 | 64.00 | OK | |||
r-oldrel-macos-x86_64 | 0.4.29 | 114.00 | OK | |||
r-oldrel-windows-x86_64 | 0.4.29 | 11.00 | 160.00 | 171.00 | OK |
Version: 0.4.29
Check: DESCRIPTION meta-information
Result: NOTE
Missing dependency on R >= 4.2.0 because package code uses the pipe
placeholder syntax added in R 4.2.0.
File(s) using such syntax:
‘read-tuv-file.r’
Flavors: r-devel-linux-x86_64-debian-clang, r-devel-linux-x86_64-debian-gcc, r-devel-linux-x86_64-fedora-clang, r-devel-linux-x86_64-fedora-gcc, r-devel-windows-x86_64
These binaries (installable software) and packages are in development.
They may not be fully stable and should be used with caution. We make no claims about them.