Last updated on 2025-05-08 04:52:13 CEST.
Flavor | Version | Tinstall | Tcheck | Ttotal | Status | Flags |
---|---|---|---|---|---|---|
r-devel-linux-x86_64-debian-clang | 0.5.2 | 5.42 | 53.22 | 58.64 | NOTE | |
r-devel-linux-x86_64-debian-gcc | 0.5.2 | 3.70 | 40.32 | 44.02 | NOTE | |
r-devel-linux-x86_64-fedora-clang | 0.5.2 | 89.99 | OK | |||
r-devel-linux-x86_64-fedora-gcc | 0.5.2 | 99.62 | OK | |||
r-devel-windows-x86_64 | 0.5.2 | 7.00 | 85.00 | 92.00 | NOTE | |
r-patched-linux-x86_64 | 0.5.2 | 6.81 | 48.94 | 55.75 | NOTE | |
r-release-linux-x86_64 | 0.5.2 | 5.03 | 48.48 | 53.51 | NOTE | |
r-release-macos-arm64 | 0.5.2 | 36.00 | OK | |||
r-release-macos-x86_64 | 0.5.2 | 66.00 | OK | |||
r-release-windows-x86_64 | 0.5.2 | 9.00 | 89.00 | 98.00 | NOTE | |
r-oldrel-macos-arm64 | 0.5.2 | 37.00 | OK | |||
r-oldrel-macos-x86_64 | 0.5.2 | 63.00 | OK | |||
r-oldrel-windows-x86_64 | 0.5.2 | 9.00 | 96.00 | 105.00 | OK |
Version: 0.5.2
Check: Rd cross-references
Result: NOTE
Found the following Rd file(s) with Rd \link{} targets missing package
anchors:
Blue.Rd: new_waveband, waveband
DNA_GM.Rd: new_waveband, waveband
DNA_N.Rd: new_waveband, waveband
DNA_P.Rd: new_waveband, waveband
GEN_M.Rd: new_waveband, waveband
IR.Rd: new_waveband, waveband
Purple.Rd: new_waveband, waveband
UV.Rd: new_waveband, waveband
UVC.Rd: new_waveband, waveband
UV_health_hazard.Rd: new_waveband, waveband
Please provide package anchors for all Rd \link{} targets not in the
package itself and the base packages.
Flavors: r-devel-linux-x86_64-debian-clang, r-devel-linux-x86_64-debian-gcc, r-devel-windows-x86_64, r-patched-linux-x86_64, r-release-linux-x86_64, r-release-windows-x86_64
These binaries (installable software) and packages are in development.
They may not be fully stable and should be used with caution. We make no claims about them.