CRAN Package Check Results for Package phrases

Last updated on 2025-07-01 17:55:24 CEST.

Flavor Version Tinstall Tcheck Ttotal Status Flags
r-devel-linux-x86_64-debian-clang 0.1 1.98 17.61 19.59 OK
r-devel-linux-x86_64-debian-gcc 0.1 1.58 15.00 16.58 OK
r-devel-linux-x86_64-fedora-clang 0.1 28.05 NOTE
r-devel-linux-x86_64-fedora-gcc 0.1 25.38 NOTE
r-devel-windows-x86_64 0.1 4.00 39.00 43.00 OK
r-patched-linux-x86_64 OK
r-release-linux-x86_64 0.1 1.89 15.17 17.06 OK
r-release-macos-arm64 0.1 28.00 OK
r-release-macos-x86_64 0.1 28.00 OK
r-release-windows-x86_64 0.1 4.00 39.00 43.00 OK
r-oldrel-macos-arm64 0.1 14.00 OK
r-oldrel-macos-x86_64 0.1 18.00 OK
r-oldrel-windows-x86_64 0.1 5.00 41.00 46.00 OK

Check Details

Version: 0.1
Check: dependencies in R code
Result: NOTE Namespaces in Imports field not imported from: ‘tidyverse’ ‘usethis’ All declared Imports should be used. Flavors: r-devel-linux-x86_64-fedora-clang, r-devel-linux-x86_64-fedora-gcc

These binaries (installable software) and packages are in development.
They may not be fully stable and should be used with caution. We make no claims about them.