Last updated on 2025-02-16 08:50:56 CET.
Flavor | Version | Tinstall | Tcheck | Ttotal | Status | Flags |
---|---|---|---|---|---|---|
r-devel-linux-x86_64-debian-clang | 0.1 | 1.85 | 15.38 | 17.23 | OK | |
r-devel-linux-x86_64-debian-gcc | 0.1 | 1.47 | 12.62 | 14.09 | OK | |
r-devel-linux-x86_64-fedora-clang | 0.1 | 28.25 | NOTE | |||
r-devel-linux-x86_64-fedora-gcc | 0.1 | 26.75 | NOTE | |||
r-devel-macos-arm64 | 0.1 | 16.00 | OK | |||
r-devel-macos-x86_64 | 0.1 | 28.00 | OK | |||
r-devel-windows-x86_64 | 0.1 | 4.00 | 39.00 | 43.00 | OK | |
r-patched-linux-x86_64 | 0.1 | 1.61 | 14.76 | 16.37 | OK | |
r-release-linux-x86_64 | 0.1 | 1.80 | 14.81 | 16.61 | OK | |
r-release-macos-arm64 | 0.1 | 14.00 | OK | |||
r-release-macos-x86_64 | 0.1 | 18.00 | OK | |||
r-release-windows-x86_64 | 0.1 | 4.00 | 40.00 | 44.00 | OK | |
r-oldrel-macos-arm64 | 0.1 | 16.00 | OK | |||
r-oldrel-macos-x86_64 | 0.1 | 21.00 | OK | |||
r-oldrel-windows-x86_64 | 0.1 | 4.00 | 67.00 | 71.00 | OK |
Version: 0.1
Check: dependencies in R code
Result: NOTE
Namespaces in Imports field not imported from:
‘tidyverse’ ‘usethis’
All declared Imports should be used.
Flavors: r-devel-linux-x86_64-fedora-clang, r-devel-linux-x86_64-fedora-gcc
These binaries (installable software) and packages are in development.
They may not be fully stable and should be used with caution. We make no claims about them.