Last updated on 2025-02-16 08:50:56 CET.
Flavor | Version | Tinstall | Tcheck | Ttotal | Status | Flags |
---|---|---|---|---|---|---|
r-devel-linux-x86_64-debian-clang | 3.8.6 | 312.18 | 33.61 | 345.79 | OK | |
r-devel-linux-x86_64-debian-gcc | 3.8.6 | 258.86 | 25.89 | 284.75 | OK | |
r-devel-linux-x86_64-fedora-clang | 3.8.6 | 787.90 | OK | |||
r-devel-linux-x86_64-fedora-gcc | 3.8.6 | 818.40 | OK | |||
r-devel-macos-arm64 | 3.8.6 | 143.00 | OK | |||
r-devel-macos-x86_64 | 3.8.6 | 149.00 | OK | |||
r-devel-windows-x86_64 | 3.8.6 | 487.00 | 110.00 | 597.00 | OK | |
r-patched-linux-x86_64 | 3.8.6 | 367.88 | 32.25 | 400.13 | OK | |
r-release-linux-x86_64 | 3.8.6 | 367.55 | 32.13 | 399.68 | OK | |
r-release-macos-arm64 | 3.8.6 | 159.00 | NOTE | |||
r-release-macos-x86_64 | 3.8.6 | 146.00 | NOTE | |||
r-release-windows-x86_64 | 3.8.6 | 407.00 | 108.00 | 515.00 | OK | |
r-oldrel-macos-arm64 | 3.8.6 | 157.00 | NOTE | |||
r-oldrel-macos-x86_64 | 3.8.6 | 143.00 | NOTE | |||
r-oldrel-windows-x86_64 | 3.8.6 | 451.00 | 123.00 | 574.00 | OK |
Version: 3.8.6
Check: installed package size
Result: NOTE
installed size is 48.2Mb
sub-directories of 1Mb or more:
libs 47.1Mb
Flavors: r-release-macos-arm64, r-release-macos-x86_64, r-oldrel-macos-arm64, r-oldrel-macos-x86_64
These binaries (installable software) and packages are in development.
They may not be fully stable and should be used with caution. We make no claims about them.