Last updated on 2025-10-23 17:50:57 CEST.
Flavor | Version | Tinstall | Tcheck | Ttotal | Status | Flags |
---|---|---|---|---|---|---|
r-devel-linux-x86_64-debian-clang | 1.0.2 | 4.06 | 61.38 | 65.44 | NOTE | |
r-devel-linux-x86_64-debian-gcc | 1.0.2 | 2.78 | 44.99 | 47.77 | OK | |
r-devel-linux-x86_64-fedora-clang | 1.0.2 | 95.46 | OK | |||
r-devel-linux-x86_64-fedora-gcc | 1.0.2 | 106.60 | OK | |||
r-devel-windows-x86_64 | 1.0.2 | 6.00 | 83.00 | 89.00 | OK | |
r-patched-linux-x86_64 | 1.0.2 | 4.24 | 58.37 | 62.61 | OK | |
r-release-linux-x86_64 | 1.0.2 | 3.47 | 57.79 | 61.26 | OK | |
r-release-macos-arm64 | 1.0.2 | 2.00 | 37.00 | 39.00 | OK | |
r-release-macos-x86_64 | 1.0.2 | 5.00 | 96.00 | 101.00 | OK | |
r-release-windows-x86_64 | 1.0.2 | 7.00 | 87.00 | 94.00 | OK | |
r-oldrel-macos-arm64 | 1.0.2 | 2.00 | 35.00 | 37.00 | OK | |
r-oldrel-macos-x86_64 | 1.0.2 | 3.00 | 53.00 | 56.00 | OK | |
r-oldrel-windows-x86_64 | 1.0.2 | 7.00 | 97.00 | 104.00 | OK |
Version: 1.0.2
Check: HTML version of manual
Result: NOTE
Found the following HTML validation problems:
make_inheritance_checks.html:60:1 (make_inheritance_checks.Rd:18): Warning: missing </ul> before </div>
Flavor: r-devel-linux-x86_64-debian-clang
These binaries (installable software) and packages are in development.
They may not be fully stable and should be used with caution. We make no claims about them.