Last updated on 2025-07-26 01:50:59 CEST.
Flavor | Version | Tinstall | Tcheck | Ttotal | Status | Flags |
---|---|---|---|---|---|---|
r-devel-linux-x86_64-debian-clang | 0.1-34 | 41.23 | 67.30 | 108.53 | NOTE | |
r-devel-linux-x86_64-debian-gcc | 0.1-34 | 31.74 | 50.18 | 81.92 | NOTE | |
r-devel-linux-x86_64-fedora-clang | 0.1-34 | 162.06 | NOTE | |||
r-devel-linux-x86_64-fedora-gcc | 0.1-34 | 181.10 | NOTE | |||
r-devel-windows-x86_64 | 0.1-34 | 72.00 | 140.00 | 212.00 | NOTE | |
r-patched-linux-x86_64 | 0.1-34 | 43.09 | 63.49 | 106.58 | NOTE | |
r-release-linux-x86_64 | 0.1-34 | 41.72 | 63.97 | 105.69 | NOTE | |
r-release-macos-arm64 | 0.1-34 | 62.00 | NOTE | |||
r-release-macos-x86_64 | 0.1-34 | 103.00 | NOTE | |||
r-release-windows-x86_64 | 0.1-34 | 70.00 | 119.00 | 189.00 | NOTE | |
r-oldrel-macos-arm64 | 0.1-34 | 55.00 | NOTE | |||
r-oldrel-macos-x86_64 | 0.1-34 | 81.00 | NOTE | |||
r-oldrel-windows-x86_64 | 0.1-34 | 81.00 | 136.00 | 217.00 | NOTE |
Version: 0.1-34
Check: Rd files
Result: NOTE
checkRd: (-1) 11_d.init.method.Rd:22-23: Lost braces in \itemize; meant \describe ?
checkRd: (-1) 11_d.init.method.Rd:24-25: Lost braces in \itemize; meant \describe ?
checkRd: (-1) 11_d.init.method.Rd:26-27: Lost braces in \itemize; meant \describe ?
checkRd: (-1) 11_d.init.method.Rd:28-29: Lost braces in \itemize; meant \describe ?
checkRd: (-1) 11_d.init.method.Rd:30-31: Lost braces in \itemize; meant \describe ?
checkRd: (-1) 11_d.init.method.Rd:32: Lost braces in \itemize; meant \describe ?
checkRd: (-1) 11_d.init.procedure.Rd:21-23: Lost braces in \itemize; meant \describe ?
checkRd: (-1) 11_d.init.procedure.Rd:24-26: Lost braces in \itemize; meant \describe ?
checkRd: (-1) 11_d.init.procedure.Rd:27-30: Lost braces in \itemize; meant \describe ?
checkRd: (-1) 11_d.init.procedure.Rd:31-35: Lost braces in \itemize; meant \describe ?
checkRd: (-1) as.star.tree.Rd:26: Lost braces in \itemize; meant \describe ?
checkRd: (-1) as.star.tree.Rd:27: Lost braces in \itemize; meant \describe ?
checkRd: (-1) as.star.tree.Rd:28: Lost braces in \itemize; meant \describe ?
checkRd: (-1) as.star.tree.Rd:29: Lost braces in \itemize; meant \describe ?
Flavors: r-devel-linux-x86_64-debian-clang, r-devel-linux-x86_64-debian-gcc, r-devel-linux-x86_64-fedora-clang, r-devel-linux-x86_64-fedora-gcc, r-devel-windows-x86_64, r-patched-linux-x86_64, r-release-linux-x86_64, r-release-macos-arm64, r-release-macos-x86_64, r-release-windows-x86_64, r-oldrel-macos-arm64, r-oldrel-macos-x86_64, r-oldrel-windows-x86_64
These binaries (installable software) and packages are in development.
They may not be fully stable and should be used with caution. We make no claims about them.