Last updated on 2025-05-01 17:56:11 CEST.
Flavor | Version | Tinstall | Tcheck | Ttotal | Status | Flags |
---|---|---|---|---|---|---|
r-devel-linux-x86_64-debian-clang | 0.1-34 | 40.11 | 67.39 | 107.50 | NOTE | |
r-devel-linux-x86_64-debian-gcc | 0.1-34 | 32.46 | 50.09 | 82.55 | NOTE | |
r-devel-linux-x86_64-fedora-clang | 0.1-34 | 164.91 | NOTE | |||
r-devel-linux-x86_64-fedora-gcc | 0.1-34 | 188.87 | NOTE | |||
r-devel-windows-x86_64 | 0.1-34 | 71.00 | 126.00 | 197.00 | NOTE | |
r-patched-linux-x86_64 | 0.1-34 | 43.70 | 63.28 | 106.98 | NOTE | |
r-release-linux-x86_64 | NOTE | |||||
r-release-macos-arm64 | 0.1-34 | 62.00 | NOTE | |||
r-release-macos-x86_64 | 0.1-34 | 103.00 | NOTE | |||
r-release-windows-x86_64 | 0.1-34 | 74.00 | 133.00 | 207.00 | NOTE | |
r-oldrel-macos-arm64 | 0.1-34 | 55.00 | NOTE | |||
r-oldrel-macos-x86_64 | 0.1-34 | 81.00 | NOTE | |||
r-oldrel-windows-x86_64 | 0.1-34 | 79.00 | 131.00 | 210.00 | NOTE |
Version: 0.1-34
Check: Rd files
Result: NOTE
checkRd: (-1) 11_d.init.method.Rd:22-23: Lost braces in \itemize; meant \describe ?
checkRd: (-1) 11_d.init.method.Rd:24-25: Lost braces in \itemize; meant \describe ?
checkRd: (-1) 11_d.init.method.Rd:26-27: Lost braces in \itemize; meant \describe ?
checkRd: (-1) 11_d.init.method.Rd:28-29: Lost braces in \itemize; meant \describe ?
checkRd: (-1) 11_d.init.method.Rd:30-31: Lost braces in \itemize; meant \describe ?
checkRd: (-1) 11_d.init.method.Rd:32: Lost braces in \itemize; meant \describe ?
checkRd: (-1) 11_d.init.procedure.Rd:21-23: Lost braces in \itemize; meant \describe ?
checkRd: (-1) 11_d.init.procedure.Rd:24-26: Lost braces in \itemize; meant \describe ?
checkRd: (-1) 11_d.init.procedure.Rd:27-30: Lost braces in \itemize; meant \describe ?
checkRd: (-1) 11_d.init.procedure.Rd:31-35: Lost braces in \itemize; meant \describe ?
checkRd: (-1) as.star.tree.Rd:26: Lost braces in \itemize; meant \describe ?
checkRd: (-1) as.star.tree.Rd:27: Lost braces in \itemize; meant \describe ?
checkRd: (-1) as.star.tree.Rd:28: Lost braces in \itemize; meant \describe ?
checkRd: (-1) as.star.tree.Rd:29: Lost braces in \itemize; meant \describe ?
Flavors: r-devel-linux-x86_64-debian-clang, r-devel-linux-x86_64-debian-gcc, r-devel-linux-x86_64-fedora-clang, r-devel-linux-x86_64-fedora-gcc, r-devel-windows-x86_64, r-patched-linux-x86_64, r-release-linux-x86_64, r-release-macos-arm64, r-release-macos-x86_64, r-release-windows-x86_64, r-oldrel-macos-arm64, r-oldrel-macos-x86_64, r-oldrel-windows-x86_64
These binaries (installable software) and packages are in development.
They may not be fully stable and should be used with caution. We make no claims about them.