CRAN Package Check Results for Package phyext2

Last updated on 2025-07-02 01:51:46 CEST.

Flavor Version Tinstall Tcheck Ttotal Status Flags
r-devel-linux-x86_64-debian-clang 0.0.4 12.39 73.55 85.94 NOTE
r-devel-linux-x86_64-debian-gcc 0.0.4 8.69 52.86 61.55 NOTE
r-devel-linux-x86_64-fedora-clang 0.0.4 127.60 OK
r-devel-linux-x86_64-fedora-gcc 0.0.4 115.30 OK
r-devel-windows-x86_64 0.0.4 12.00 82.00 94.00 OK
r-patched-linux-x86_64 OK
r-release-linux-x86_64 0.0.4 10.14 66.31 76.45 OK
r-release-macos-arm64 0.0.4 62.00 OK
r-release-macos-x86_64 0.0.4 98.00 OK
r-release-windows-x86_64 0.0.4 13.00 79.00 92.00 OK
r-oldrel-macos-arm64 0.0.4 34.00 OK
r-oldrel-macos-x86_64 0.0.4 52.00 OK
r-oldrel-windows-x86_64 0.0.4 17.00 94.00 111.00 OK

Check Details

Version: 0.0.4
Check: CRAN incoming feasibility
Result: NOTE Maintainer: ‘John R. Stevens <john.r.stevens@usu.edu>’ No Authors@R field in DESCRIPTION. Please add one, modifying Authors@R: c(person(given = c("J.", "Conrad"), family = "Stack", role = "aut"), person(given = c("John", "R."), family = "Stevens", role = "cre", email = "john.r.stevens@usu.edu")) as necessary. Flavors: r-devel-linux-x86_64-debian-clang, r-devel-linux-x86_64-debian-gcc

These binaries (installable software) and packages are in development.
They may not be fully stable and should be used with caution. We make no claims about them.