Last updated on 2025-11-27 09:49:46 CET.
| Flavor | Version | Tinstall | Tcheck | Ttotal | Status | Flags |
|---|---|---|---|---|---|---|
| r-devel-linux-x86_64-debian-clang | 0.0.4 | 12.56 | 72.77 | 85.33 | NOTE | |
| r-devel-linux-x86_64-debian-gcc | 0.0.4 | 8.44 | 51.81 | 60.25 | NOTE | |
| r-devel-linux-x86_64-fedora-clang | 0.0.4 | 27.00 | 98.03 | 125.03 | OK | |
| r-devel-linux-x86_64-fedora-gcc | 0.0.4 | 41.00 | 75.92 | 116.92 | OK | |
| r-devel-windows-x86_64 | 0.0.4 | 13.00 | 76.00 | 89.00 | OK | |
| r-patched-linux-x86_64 | 0.0.4 | 11.94 | 68.21 | 80.15 | OK | |
| r-release-linux-x86_64 | 0.0.4 | 10.17 | 68.19 | 78.36 | OK | |
| r-release-macos-arm64 | 0.0.4 | OK | ||||
| r-release-macos-x86_64 | 0.0.4 | 17.00 | 81.00 | 98.00 | OK | |
| r-release-windows-x86_64 | 0.0.4 | 12.00 | 83.00 | 95.00 | OK | |
| r-oldrel-macos-arm64 | 0.0.4 | OK | ||||
| r-oldrel-macos-x86_64 | 0.0.4 | 8.00 | 44.00 | 52.00 | OK | |
| r-oldrel-windows-x86_64 | 0.0.4 | 17.00 | 95.00 | 112.00 | OK |
Version: 0.0.4
Check: CRAN incoming feasibility
Result: NOTE
Maintainer: ‘John R. Stevens <john.r.stevens@usu.edu>’
No Authors@R field in DESCRIPTION.
Please add one, modifying
Authors@R: c(person(given = c("J.", "Conrad"),
family = "Stack",
role = "aut"),
person(given = c("John", "R."),
family = "Stevens",
role = "cre",
email = "john.r.stevens@usu.edu"))
as necessary.
Flavors: r-devel-linux-x86_64-debian-clang, r-devel-linux-x86_64-debian-gcc
These binaries (installable software) and packages are in development.
They may not be fully stable and should be used with caution. We make no claims about them.