Last updated on 2025-05-01 17:56:11 CEST.
Flavor | Version | Tinstall | Tcheck | Ttotal | Status | Flags |
---|---|---|---|---|---|---|
r-devel-linux-x86_64-debian-clang | 2.1.2 | 10.23 | 79.51 | 89.74 | NOTE | |
r-devel-linux-x86_64-debian-gcc | 2.1.2 | 7.24 | 58.90 | 66.14 | NOTE | |
r-devel-linux-x86_64-fedora-clang | 2.1.2 | 137.58 | OK | |||
r-devel-linux-x86_64-fedora-gcc | 2.1.2 | 129.95 | OK | |||
r-devel-windows-x86_64 | 2.1.2 | 11.00 | 97.00 | 108.00 | NOTE | |
r-patched-linux-x86_64 | 2.1.2 | 10.51 | 73.44 | 83.95 | NOTE | |
r-release-linux-x86_64 | NOTE | |||||
r-release-macos-arm64 | 2.1.2 | 48.00 | OK | |||
r-release-macos-x86_64 | 2.1.2 | 70.00 | OK | |||
r-release-windows-x86_64 | 2.1.2 | 11.00 | 100.00 | 111.00 | NOTE | |
r-oldrel-macos-arm64 | 2.1.2 | 39.00 | OK | |||
r-oldrel-macos-x86_64 | 2.1.2 | 66.00 | OK | |||
r-oldrel-windows-x86_64 | 2.1.2 | 15.00 | 109.00 | 124.00 | OK |
Version: 2.1.2
Check: Rd cross-references
Result: NOTE
Found the following Rd file(s) with Rd \link{} targets missing package
anchors:
makeEpiRecord.Rd: simNHP.fun
Please provide package anchors for all Rd \link{} targets not in the
package itself and the base packages.
Flavors: r-devel-linux-x86_64-debian-clang, r-devel-linux-x86_64-debian-gcc, r-devel-windows-x86_64, r-patched-linux-x86_64, r-release-linux-x86_64, r-release-windows-x86_64
These binaries (installable software) and packages are in development.
They may not be fully stable and should be used with caution. We make no claims about them.