CRAN Package Check Results for Package phylobase

Last updated on 2025-10-02 23:49:00 CEST.

Flavor Version Tinstall Tcheck Ttotal Status Flags
r-devel-linux-x86_64-debian-clang 0.8.12 28.34 136.77 165.11 NOTE
r-devel-linux-x86_64-debian-gcc 0.8.12 20.46 93.02 113.48 NOTE
r-devel-linux-x86_64-fedora-clang 0.8.12 233.62 OK
r-devel-linux-x86_64-fedora-gcc 0.8.12 251.18 OK
r-devel-windows-x86_64 0.8.12 34.00 159.00 193.00 OK
r-patched-linux-x86_64 0.8.12 26.72 124.48 151.20 OK
r-release-linux-x86_64 0.8.12 29.88 122.94 152.82 OK
r-release-macos-arm64 0.8.12 74.00 OK
r-release-macos-x86_64 0.8.12 147.00 OK
r-release-windows-x86_64 0.8.12 33.00 153.00 186.00 OK
r-oldrel-macos-arm64 0.8.12 76.00 OK
r-oldrel-macos-x86_64 0.8.12 111.00 OK
r-oldrel-windows-x86_64 0.8.12 47.00 190.00 237.00 OK

Check Details

Version: 0.8.12
Check: CRAN incoming feasibility
Result: NOTE Maintainer: ‘Francois Michonneau <francois.michonneau@gmail.com>’ No Authors@R field in DESCRIPTION. Please add one, modifying Authors@R: c(person(given = c("R", "Hackathon", "et"), family = "al.", role = "aut", comment = "alphabetically: Ben Bolker, Marguerite Butler,\n Peter Cowan, Damien de Vienne, Dirk Eddelbuettel, Mark Holder, Thibaut\n Jombart, Steve Kembel, Francois Michonneau, David Orme, Brian O'Meara,\n Emmanuel Paradis, Jim Regetz, Derrick Zwickl"), person(given = "Francois", family = "Michonneau", role = "cre", email = "francois.michonneau@gmail.com")) as necessary. Flavors: r-devel-linux-x86_64-debian-clang, r-devel-linux-x86_64-debian-gcc

These binaries (installable software) and packages are in development.
They may not be fully stable and should be used with caution. We make no claims about them.