CRAN Package Check Results for Package phylocanvas

Last updated on 2025-05-29 00:48:29 CEST.

Flavor Version Tinstall Tcheck Ttotal Status Flags
r-devel-linux-x86_64-debian-clang 0.1.3 8.95 74.15 83.10 OK
r-devel-linux-x86_64-debian-gcc 0.1.3 5.74 54.50 60.24 OK
r-devel-linux-x86_64-fedora-clang 0.1.3 130.76 OK
r-devel-linux-x86_64-fedora-gcc 0.1.3 134.84 OK
r-devel-windows-x86_64 0.1.3 11.00 85.00 96.00 OK
r-patched-linux-x86_64 0.1.3 9.53 69.84 79.37 OK
r-release-linux-x86_64 0.1.3 7.72 69.59 77.31 OK
r-release-macos-arm64 0.1.3 100.00 OK
r-release-macos-x86_64 0.1.3 154.00 OK
r-release-windows-x86_64 0.1.3 9.00 97.00 106.00 OK
r-oldrel-macos-arm64 0.1.3 44.00 NOTE
r-oldrel-macos-x86_64 0.1.3 63.00 NOTE
r-oldrel-windows-x86_64 0.1.3 13.00 104.00 117.00 NOTE

Check Details

Version: 0.1.3
Check: LazyData
Result: NOTE 'LazyData' is specified without a 'data' directory Flavors: r-oldrel-macos-arm64, r-oldrel-macos-x86_64, r-oldrel-windows-x86_64

These binaries (installable software) and packages are in development.
They may not be fully stable and should be used with caution. We make no claims about them.