Last updated on 2025-10-23 15:50:05 CEST.
Flavor | Version | Tinstall | Tcheck | Ttotal | Status | Flags |
---|---|---|---|---|---|---|
r-devel-linux-x86_64-debian-clang | 0.1.3 | 8.29 | 76.27 | 84.56 | NOTE | |
r-devel-linux-x86_64-debian-gcc | 0.1.3 | 6.05 | 54.21 | 60.26 | OK | |
r-devel-linux-x86_64-fedora-clang | 0.1.3 | 21.00 | 110.29 | 131.29 | OK | |
r-devel-linux-x86_64-fedora-gcc | 0.1.3 | 21.00 | 116.10 | 137.10 | OK | |
r-devel-windows-x86_64 | 0.1.3 | 10.00 | 84.00 | 94.00 | OK | |
r-patched-linux-x86_64 | 0.1.3 | 7.52 | 71.47 | 78.99 | OK | |
r-release-linux-x86_64 | 0.1.3 | 7.66 | 71.32 | 78.98 | OK | |
r-release-macos-arm64 | 0.1.3 | 5.00 | 95.00 | 100.00 | OK | |
r-release-macos-x86_64 | 0.1.3 | 13.00 | 141.00 | 154.00 | OK | |
r-release-windows-x86_64 | 0.1.3 | 10.00 | 91.00 | 101.00 | OK | |
r-oldrel-macos-arm64 | 0.1.3 | 4.00 | 40.00 | 44.00 | NOTE | |
r-oldrel-macos-x86_64 | 0.1.3 | 6.00 | 57.00 | 63.00 | NOTE | |
r-oldrel-windows-x86_64 | 0.1.3 | 13.00 | 103.00 | 116.00 | NOTE |
Version: 0.1.3
Check: HTML version of manual
Result: NOTE
Found the following HTML validation problems:
as_tree-methods.html:54:1 (as_tree-methods.Rd:25): Warning: missing </ul> before </div>
phylocanvas-shiny.html:68:1 (phylocanvas-shiny.Rd:25): Warning: missing </ul> before </div>
phylocanvas.html:103:1 (phylocanvas.Rd:41): Warning: missing </ul> before </div>
Flavor: r-devel-linux-x86_64-debian-clang
Version: 0.1.3
Check: LazyData
Result: NOTE
'LazyData' is specified without a 'data' directory
Flavors: r-oldrel-macos-arm64, r-oldrel-macos-x86_64, r-oldrel-windows-x86_64
These binaries (installable software) and packages are in development.
They may not be fully stable and should be used with caution. We make no claims about them.