Last updated on 2025-05-01 14:49:18 CEST.
Flavor | Version | Tinstall | Tcheck | Ttotal | Status | Flags |
---|---|---|---|---|---|---|
r-devel-linux-x86_64-debian-clang | 2.1.0 | 3.05 | 41.88 | 44.93 | NOTE | |
r-devel-linux-x86_64-debian-gcc | 2.1.0 | 2.15 | 32.93 | 35.08 | NOTE | |
r-devel-linux-x86_64-fedora-clang | 2.1.0 | 66.54 | OK | |||
r-devel-linux-x86_64-fedora-gcc | 2.1.0 | 77.72 | OK | |||
r-devel-windows-x86_64 | 2.1.0 | 5.00 | 65.00 | 70.00 | OK | |
r-patched-linux-x86_64 | 2.1.0 | 3.28 | 39.30 | 42.58 | OK | |
r-release-linux-x86_64 | OK | |||||
r-release-macos-arm64 | 2.1.0 | 32.00 | OK | |||
r-release-macos-x86_64 | 2.1.0 | 71.00 | OK | |||
r-release-windows-x86_64 | 2.1.0 | 4.00 | 68.00 | 72.00 | OK | |
r-oldrel-macos-arm64 | 2.1.0 | 28.00 | NOTE | |||
r-oldrel-macos-x86_64 | 2.1.0 | 42.00 | NOTE | |||
r-oldrel-windows-x86_64 | 2.1.0 | 5.00 | 66.00 | 71.00 | NOTE |
Version: 2.1.0
Check: CRAN incoming feasibility
Result: NOTE
Maintainer: ‘Shaun Wilkinson <shaunpwilkinson@gmail.com>’
Package CITATION file contains call(s) to old-style personList() or
as.personList(). Please use c() on person objects instead.
Package CITATION file contains call(s) to old-style citEntry(). Please
use bibentry() instead.
Flavors: r-devel-linux-x86_64-debian-clang, r-devel-linux-x86_64-debian-gcc
Version: 2.1.0
Check: LazyData
Result: NOTE
'LazyData' is specified without a 'data' directory
Flavors: r-oldrel-macos-arm64, r-oldrel-macos-x86_64, r-oldrel-windows-x86_64
These binaries (installable software) and packages are in development.
They may not be fully stable and should be used with caution. We make no claims about them.