CRAN Package Check Results for Package phylogram

Last updated on 2025-07-25 01:49:35 CEST.

Flavor Version Tinstall Tcheck Ttotal Status Flags
r-devel-linux-x86_64-debian-clang 2.1.0 3.18 42.54 45.72 NOTE
r-devel-linux-x86_64-debian-gcc 2.1.0 2.00 32.61 34.61 NOTE
r-devel-linux-x86_64-fedora-clang 2.1.0 68.18 OK
r-devel-linux-x86_64-fedora-gcc 2.1.0 73.42 OK
r-devel-windows-x86_64 2.1.0 4.00 58.00 62.00 OK
r-patched-linux-x86_64 2.1.0 2.96 39.14 42.10 OK
r-release-linux-x86_64 2.1.0 2.80 39.26 42.06 OK
r-release-macos-arm64 2.1.0 32.00 OK
r-release-macos-x86_64 2.1.0 71.00 OK
r-release-windows-x86_64 2.1.0 4.00 62.00 66.00 OK
r-oldrel-macos-arm64 2.1.0 28.00 NOTE
r-oldrel-macos-x86_64 2.1.0 42.00 NOTE
r-oldrel-windows-x86_64 2.1.0 5.00 66.00 71.00 NOTE

Check Details

Version: 2.1.0
Check: CRAN incoming feasibility
Result: NOTE Maintainer: ‘Shaun Wilkinson <shaunpwilkinson@gmail.com>’ Package CITATION file contains call(s) to old-style personList() or as.personList(). Please use c() on person objects instead. Package CITATION file contains call(s) to old-style citEntry(). Please use bibentry() instead. Flavors: r-devel-linux-x86_64-debian-clang, r-devel-linux-x86_64-debian-gcc

Version: 2.1.0
Check: LazyData
Result: NOTE 'LazyData' is specified without a 'data' directory Flavors: r-oldrel-macos-arm64, r-oldrel-macos-x86_64, r-oldrel-windows-x86_64

These binaries (installable software) and packages are in development.
They may not be fully stable and should be used with caution. We make no claims about them.