CRAN Package Check Results for Package phylometrics

Last updated on 2025-05-07 15:49:25 CEST.

Flavor Version Tinstall Tcheck Ttotal Status Flags
r-devel-linux-x86_64-debian-clang 0.0.1 2.53 22.26 24.79 NOTE
r-devel-linux-x86_64-debian-gcc 0.0.1 1.70 17.71 19.41 NOTE
r-devel-linux-x86_64-fedora-clang 0.0.1 39.12 OK
r-devel-linux-x86_64-fedora-gcc 0.0.1 36.94 OK
r-devel-windows-x86_64 0.0.1 3.00 48.00 51.00 OK
r-patched-linux-x86_64 0.0.1 2.42 21.56 23.98 OK
r-release-linux-x86_64 0.0.1 2.11 21.18 23.29 OK
r-release-macos-arm64 0.0.1 17.00 OK
r-release-macos-x86_64 0.0.1 40.00 OK
r-release-windows-x86_64 0.0.1 3.00 52.00 55.00 OK
r-oldrel-macos-arm64 0.0.1 17.00 OK
r-oldrel-macos-x86_64 0.0.1 30.00 OK
r-oldrel-windows-x86_64 0.0.1 4.00 51.00 55.00 OK

Check Details

Version: 0.0.1
Check: CRAN incoming feasibility
Result: NOTE Maintainer: ‘Xia Hua <xia.hua@anu.edu.au>’ No Authors@R field in DESCRIPTION. Please add one, modifying Authors@R: c(person(given = "Xia", family = "Hua", role = c("aut", "cre"), email = "xia.hua@anu.edu.au"), person(given = "Lindell", family = "Bromham", role = "aut", email = "lindell.bromham@anu.edu.au")) as necessary. Flavors: r-devel-linux-x86_64-debian-clang, r-devel-linux-x86_64-debian-gcc

These binaries (installable software) and packages are in development.
They may not be fully stable and should be used with caution. We make no claims about them.