CRAN Package Check Results for Package phylopairs

Last updated on 2025-05-21 21:49:26 CEST.

Flavor Version Tinstall Tcheck Ttotal Status Flags
r-devel-linux-x86_64-debian-clang 0.1.1 343.05 160.26 503.31 OK
r-devel-linux-x86_64-debian-gcc 0.1.1 346.45 136.16 482.61 OK
r-devel-linux-x86_64-fedora-clang 0.1.1 786.10 OK
r-devel-linux-x86_64-fedora-gcc 0.1.1 1143.63 OK
r-devel-windows-x86_64 0.1.1 405.00 220.00 625.00 OK
r-patched-linux-x86_64 0.1.1 435.32 186.61 621.93 OK
r-release-linux-x86_64 0.1.1 415.03 187.31 602.34 OK
r-release-macos-arm64 0.1.1 152.00 OK
r-release-macos-x86_64 0.1.1 233.00 OK
r-release-windows-x86_64 0.1.1 400.00 215.00 615.00 OK
r-oldrel-macos-arm64 0.1.1 189.00 NOTE
r-oldrel-macos-x86_64 0.1.1 263.00 NOTE
r-oldrel-windows-x86_64 0.1.1 435.00 240.00 675.00 NOTE

Check Details

Version: 0.1.1
Check: installed package size
Result: NOTE installed size is 84.9Mb sub-directories of 1Mb or more: libs 84.6Mb Flavors: r-oldrel-macos-arm64, r-oldrel-macos-x86_64

Version: 0.1.1
Check: for GNU extensions in Makefiles
Result: NOTE GNU make is a SystemRequirements. Flavors: r-oldrel-macos-arm64, r-oldrel-macos-x86_64, r-oldrel-windows-x86_64

These binaries (installable software) and packages are in development.
They may not be fully stable and should be used with caution. We make no claims about them.