CRAN Package Check Results for Package phylopath

Last updated on 2025-05-08 04:52:14 CEST.

Flavor Version Tinstall Tcheck Ttotal Status Flags
r-devel-linux-x86_64-debian-clang 1.3.0 4.54 93.07 97.61 NOTE
r-devel-linux-x86_64-debian-gcc 1.3.0 3.44 70.15 73.59 NOTE
r-devel-linux-x86_64-fedora-clang 1.3.0 147.58 OK
r-devel-linux-x86_64-fedora-gcc 1.3.0 152.42 OK
r-devel-windows-x86_64 1.3.0 7.00 89.00 96.00 NOTE
r-patched-linux-x86_64 1.3.0 4.79 89.43 94.22 NOTE
r-release-linux-x86_64 1.3.0 4.63 89.67 94.30 NOTE
r-release-macos-arm64 1.3.0 70.00 OK
r-release-macos-x86_64 1.3.0 126.00 OK
r-release-windows-x86_64 1.3.0 7.00 91.00 98.00 NOTE
r-oldrel-macos-arm64 1.3.0 46.00 OK
r-oldrel-macos-x86_64 1.3.0 116.00 OK
r-oldrel-windows-x86_64 1.3.0 9.00 105.00 114.00 OK

Check Details

Version: 1.3.0
Check: Rd cross-references
Result: NOTE Found the following Rd file(s) with Rd \link{} targets missing package anchors: plot.DAG.Rd: igraph Please provide package anchors for all Rd \link{} targets not in the package itself and the base packages. Flavors: r-devel-linux-x86_64-debian-clang, r-devel-linux-x86_64-debian-gcc, r-devel-windows-x86_64, r-patched-linux-x86_64, r-release-linux-x86_64, r-release-windows-x86_64

These binaries (installable software) and packages are in development.
They may not be fully stable and should be used with caution. We make no claims about them.