Last updated on 2025-11-11 15:50:42 CET.
| Flavor | Version | Tinstall | Tcheck | Ttotal | Status | Flags |
|---|---|---|---|---|---|---|
| r-devel-linux-x86_64-debian-clang | 1.1.4 | 177.27 | 368.40 | 545.67 | OK | |
| r-devel-linux-x86_64-debian-gcc | 1.1.4 | 149.45 | 269.81 | 419.26 | OK | |
| r-devel-linux-x86_64-fedora-clang | 1.1.4 | 660.00 | 209.93 | 869.93 | OK | |
| r-devel-linux-x86_64-fedora-gcc | 1.1.4 | 900.00 | 98.23 | 998.23 | OK | |
| r-devel-windows-x86_64 | 1.1.4 | 173.00 | 425.00 | 598.00 | OK | |
| r-patched-linux-x86_64 | 1.1.4 | 183.32 | 358.78 | 542.10 | OK | |
| r-release-linux-x86_64 | 1.1.4 | 199.35 | 357.56 | 556.91 | OK | |
| r-release-macos-arm64 | 1.1.4 | 84.00 | 182.00 | 266.00 | OK | |
| r-release-macos-x86_64 | 1.1.4 | 156.00 | 228.00 | 384.00 | NOTE | |
| r-release-windows-x86_64 | 1.1.4 | 176.00 | 429.00 | 605.00 | OK | |
| r-oldrel-macos-arm64 | 1.1.4 | 67.00 | 173.00 | 240.00 | NOTE | |
| r-oldrel-macos-x86_64 | 1.1.4 | 121.00 | 270.00 | 391.00 | NOTE | |
| r-oldrel-windows-x86_64 | 1.1.4 | 218.00 | 567.00 | 785.00 | NOTE |
Version: 1.1.4
Check: re-building of vignette outputs
Result: NOTE
Note: skipping ‘fisheries.Rmd’ due to unavailable dependencies:
'phylosignal'
Flavor: r-release-macos-x86_64
Version: 1.1.4
Check: installed package size
Result: NOTE
installed size is 62.9Mb
sub-directories of 1Mb or more:
libs 62.1Mb
Flavors: r-oldrel-macos-arm64, r-oldrel-macos-x86_64
Version: 1.1.4
Check: package dependencies
Result: NOTE
Package suggested but not available for checking: 'semPlot'
Flavor: r-oldrel-windows-x86_64
These binaries (installable software) and packages are in development.
They may not be fully stable and should be used with caution. We make no claims about them.