CRAN Package Check Results for Package phylosem

Last updated on 2025-05-08 04:52:14 CEST.

Flavor Version Tinstall Tcheck Ttotal Status Flags
r-devel-linux-x86_64-debian-clang 1.1.4 174.17 355.35 529.52 OK
r-devel-linux-x86_64-debian-gcc 1.1.4 145.32 258.24 403.56 OK
r-devel-linux-x86_64-fedora-clang 1.1.4 842.36 OK
r-devel-linux-x86_64-fedora-gcc 1.1.4 1064.29 OK
r-devel-windows-x86_64 1.1.4 169.00 422.00 591.00 OK
r-patched-linux-x86_64 1.1.4 176.79 343.43 520.22 OK
r-release-linux-x86_64 1.1.4 181.39 342.15 523.54 OK
r-release-macos-arm64 1.1.4 266.00 OK
r-release-macos-x86_64 1.1.4 384.00 NOTE
r-release-windows-x86_64 1.1.4 163.00 401.00 564.00 OK
r-oldrel-macos-arm64 1.1.4 240.00 NOTE
r-oldrel-macos-x86_64 1.1.4 391.00 NOTE
r-oldrel-windows-x86_64 1.1.4 207.00 522.00 729.00 OK

Check Details

Version: 1.1.4
Check: re-building of vignette outputs
Result: NOTE Note: skipping ‘fisheries.Rmd’ due to unavailable dependencies: 'phylosignal' Flavor: r-release-macos-x86_64

Version: 1.1.4
Check: installed package size
Result: NOTE installed size is 62.9Mb sub-directories of 1Mb or more: libs 62.1Mb Flavors: r-oldrel-macos-arm64, r-oldrel-macos-x86_64

These binaries (installable software) and packages are in development.
They may not be fully stable and should be used with caution. We make no claims about them.