Last updated on 2025-07-28 17:50:16 CEST.
Flavor | Version | Tinstall | Tcheck | Ttotal | Status | Flags |
---|---|---|---|---|---|---|
r-devel-linux-x86_64-debian-clang | 1.1.4 | 155.60 | 358.32 | 513.92 | OK | |
r-devel-linux-x86_64-debian-gcc | 1.1.4 | 142.82 | 258.20 | 401.02 | OK | |
r-devel-linux-x86_64-fedora-clang | 1.1.4 | 781.10 | OK | |||
r-devel-linux-x86_64-fedora-gcc | 1.1.4 | 982.90 | OK | |||
r-devel-windows-x86_64 | 1.1.4 | 163.00 | 417.00 | 580.00 | OK | |
r-patched-linux-x86_64 | 1.1.4 | 178.61 | 348.31 | 526.92 | OK | |
r-release-linux-x86_64 | 1.1.4 | 189.33 | 344.20 | 533.53 | OK | |
r-release-macos-arm64 | 1.1.4 | 266.00 | OK | |||
r-release-macos-x86_64 | 1.1.4 | 384.00 | NOTE | |||
r-release-windows-x86_64 | 1.1.4 | 167.00 | 406.00 | 573.00 | OK | |
r-oldrel-macos-arm64 | 1.1.4 | 240.00 | NOTE | |||
r-oldrel-macos-x86_64 | 1.1.4 | 391.00 | NOTE | |||
r-oldrel-windows-x86_64 | 1.1.4 | 210.00 | 532.00 | 742.00 | OK |
Version: 1.1.4
Check: re-building of vignette outputs
Result: NOTE
Note: skipping ‘fisheries.Rmd’ due to unavailable dependencies:
'phylosignal'
Flavor: r-release-macos-x86_64
Version: 1.1.4
Check: installed package size
Result: NOTE
installed size is 62.9Mb
sub-directories of 1Mb or more:
libs 62.1Mb
Flavors: r-oldrel-macos-arm64, r-oldrel-macos-x86_64
These binaries (installable software) and packages are in development.
They may not be fully stable and should be used with caution. We make no claims about them.