Last updated on 2025-02-16 08:50:56 CET.
Flavor | Version | Tinstall | Tcheck | Ttotal | Status | Flags |
---|---|---|---|---|---|---|
r-devel-linux-x86_64-debian-clang | 1.1.4 | 171.80 | 353.95 | 525.75 | OK | |
r-devel-linux-x86_64-debian-gcc | 1.1.4 | 139.85 | 257.94 | 397.79 | OK | |
r-devel-linux-x86_64-fedora-clang | 1.1.4 | 842.65 | OK | |||
r-devel-linux-x86_64-fedora-gcc | 1.1.4 | 957.69 | OK | |||
r-devel-macos-arm64 | 1.1.4 | 272.00 | OK | |||
r-devel-macos-x86_64 | 1.1.4 | 384.00 | NOTE | |||
r-devel-windows-x86_64 | 1.1.4 | 158.00 | 400.00 | 558.00 | OK | |
r-patched-linux-x86_64 | 1.1.4 | 178.24 | 346.48 | 524.72 | OK | |
r-release-linux-x86_64 | 1.1.4 | 183.42 | 340.38 | 523.80 | OK | |
r-release-macos-arm64 | 1.1.4 | 240.00 | NOTE | |||
r-release-macos-x86_64 | 1.1.4 | 391.00 | NOTE | |||
r-release-windows-x86_64 | 1.1.4 | 154.00 | 408.00 | 562.00 | OK | |
r-oldrel-macos-arm64 | 1.1.4 | 238.00 | NOTE | |||
r-oldrel-macos-x86_64 | 1.1.4 | 359.00 | NOTE | |||
r-oldrel-windows-x86_64 | 1.1.4 | 234.00 | 474.00 | 708.00 | OK |
Version: 1.1.4
Check: re-building of vignette outputs
Result: NOTE
Note: skipping ‘fisheries.Rmd’ due to unavailable dependencies:
'phylosignal'
Flavor: r-devel-macos-x86_64
Version: 1.1.4
Check: installed package size
Result: NOTE
installed size is 62.9Mb
sub-directories of 1Mb or more:
libs 62.1Mb
Flavors: r-release-macos-arm64, r-release-macos-x86_64, r-oldrel-macos-arm64, r-oldrel-macos-x86_64
These binaries (installable software) and packages are in development.
They may not be fully stable and should be used with caution. We make no claims about them.