Last updated on 2025-02-02 16:49:17 CET.
Flavor | Version | Tinstall | Tcheck | Ttotal | Status | Flags |
---|---|---|---|---|---|---|
r-devel-linux-x86_64-debian-clang | 0.2.2 | 2.75 | 26.89 | 29.64 | NOTE | |
r-devel-linux-x86_64-debian-gcc | 0.2.2 | 1.84 | 21.28 | 23.12 | NOTE | |
r-devel-linux-x86_64-fedora-clang | 0.2.2 | 50.98 | OK | |||
r-devel-linux-x86_64-fedora-gcc | 0.2.2 | 46.99 | OK | |||
r-devel-windows-x86_64 | 0.2.2 | 4.00 | 60.00 | 64.00 | NOTE | |
r-patched-linux-x86_64 | 0.2.2 | 5.17 | 25.47 | 30.64 | OK | |
r-release-linux-x86_64 | 0.2.2 | 2.51 | 25.83 | 28.34 | OK | |
r-release-macos-arm64 | 0.2.2 | 19.00 | OK | |||
r-release-macos-x86_64 | 0.2.2 | 36.00 | OK | |||
r-release-windows-x86_64 | 0.2.2 | 4.00 | 48.00 | 52.00 | OK | |
r-oldrel-macos-arm64 | 0.2.2 | 21.00 | OK | |||
r-oldrel-macos-x86_64 | 0.2.2 | 27.00 | OK | |||
r-oldrel-windows-x86_64 | 0.2.2 | 4.00 | 53.00 | 57.00 | OK |
Version: 0.2.2
Check: Rd cross-references
Result: NOTE
Found the following Rd file(s) with Rd \link{} targets missing package
anchors:
sub.taxa.label.Rd: read.tree
Please provide package anchors for all Rd \link{} targets not in the
package itself and the base packages.
Flavors: r-devel-linux-x86_64-debian-clang, r-devel-linux-x86_64-debian-gcc, r-devel-windows-x86_64
These binaries (installable software) and packages are in development.
They may not be fully stable and should be used with caution. We make no claims about them.