Last updated on 2025-05-21 17:52:21 CEST.
Flavor | Version | Tinstall | Tcheck | Ttotal | Status | Flags |
---|---|---|---|---|---|---|
r-devel-linux-x86_64-debian-clang | 0.1.1 | 29.17 | 150.27 | 179.44 | OK | |
r-devel-linux-x86_64-debian-gcc | 0.1.1 | 23.28 | 107.73 | 131.01 | OK | |
r-devel-linux-x86_64-fedora-clang | 0.1.1 | 318.53 | OK | |||
r-devel-linux-x86_64-fedora-gcc | 0.1.1 | 399.09 | OK | |||
r-devel-windows-x86_64 | 0.1.1 | 34.00 | 288.00 | 322.00 | OK | |
r-patched-linux-x86_64 | 0.1.1 | 28.33 | 143.22 | 171.55 | OK | |
r-release-linux-x86_64 | 0.1.1 | 27.78 | 143.59 | 171.37 | OK | |
r-release-macos-arm64 | 0.1.1 | 143.00 | OK | |||
r-release-macos-x86_64 | 0.1.1 | 226.00 | OK | |||
r-release-windows-x86_64 | 0.1.1 | 36.00 | 288.00 | 324.00 | OK | |
r-oldrel-macos-arm64 | 0.1.1 | 127.00 | NOTE | |||
r-oldrel-macos-x86_64 | 0.1.1 | 238.00 | NOTE | |||
r-oldrel-windows-x86_64 | 0.1.1 | 42.00 | 316.00 | 358.00 | NOTE |
Version: 0.1.1
Check: installed package size
Result: NOTE
installed size is 5.3Mb
sub-directories of 1Mb or more:
data 1.6Mb
doc 2.1Mb
Flavors: r-oldrel-macos-arm64, r-oldrel-macos-x86_64, r-oldrel-windows-x86_64
These binaries (installable software) and packages are in development.
They may not be fully stable and should be used with caution. We make no claims about them.