CRAN Package Check Results for Package phylter

Last updated on 2025-05-08 04:52:14 CEST.

Flavor Version Tinstall Tcheck Ttotal Status Flags
r-devel-linux-x86_64-debian-clang 0.9.11 17.16 130.37 147.53 NOTE
r-devel-linux-x86_64-debian-gcc 0.9.11 11.27 92.14 103.41 NOTE
r-devel-linux-x86_64-fedora-clang 0.9.11 233.47 NOTE
r-devel-linux-x86_64-fedora-gcc 0.9.11 247.31 NOTE
r-devel-windows-x86_64 0.9.11 22.00 137.00 159.00 NOTE
r-patched-linux-x86_64 0.9.11 16.09 124.62 140.71 NOTE
r-release-linux-x86_64 0.9.11 14.88 124.86 139.74 NOTE
r-release-macos-arm64 0.9.11 69.00 NOTE
r-release-macos-x86_64 0.9.11 127.00 NOTE
r-release-windows-x86_64 0.9.11 24.00 146.00 170.00 NOTE
r-oldrel-macos-arm64 0.9.11 61.00 NOTE
r-oldrel-macos-x86_64 0.9.11 99.00 NOTE
r-oldrel-windows-x86_64 0.9.11 26.00 160.00 186.00 NOTE

Check Details

Version: 0.9.11
Check: Rd files
Result: NOTE checkRd: (-1) phylter.Rd:51: Lost braces; missing escapes or markup? 51 | the output ({out$DiscardedGenes}).} | ^ Flavors: r-devel-linux-x86_64-debian-clang, r-devel-linux-x86_64-debian-gcc, r-devel-linux-x86_64-fedora-clang, r-devel-linux-x86_64-fedora-gcc, r-devel-windows-x86_64, r-patched-linux-x86_64, r-release-linux-x86_64, r-release-macos-arm64, r-release-macos-x86_64, r-release-windows-x86_64, r-oldrel-macos-arm64, r-oldrel-macos-x86_64, r-oldrel-windows-x86_64

These binaries (installable software) and packages are in development.
They may not be fully stable and should be used with caution. We make no claims about them.