Last updated on 2025-05-08 04:52:14 CEST.
Flavor | Version | Tinstall | Tcheck | Ttotal | Status | Flags |
---|---|---|---|---|---|---|
r-devel-linux-x86_64-debian-clang | 1.1.0 | 112.98 | 152.80 | 265.78 | OK | |
r-devel-linux-x86_64-debian-gcc | 1.1.0 | 92.84 | 110.44 | 203.28 | OK | |
r-devel-linux-x86_64-fedora-clang | 1.1.0 | 823.81 | OK | |||
r-devel-linux-x86_64-fedora-gcc | 1.1.0 | 868.94 | OK | |||
r-devel-windows-x86_64 | 1.1.0 | 169.00 | 527.00 | 696.00 | OK | |
r-patched-linux-x86_64 | 1.1.0 | 128.97 | 144.22 | 273.19 | OK | |
r-release-linux-x86_64 | 1.1.0 | 122.36 | 143.53 | 265.89 | OK | |
r-release-macos-arm64 | 1.1.0 | 116.00 | OK | |||
r-release-macos-x86_64 | 1.1.0 | 185.00 | OK | |||
r-release-windows-x86_64 | 1.1.0 | 172.00 | 513.00 | 685.00 | OK | |
r-oldrel-macos-arm64 | 1.1.0 | 109.00 | NOTE | |||
r-oldrel-macos-x86_64 | 1.1.0 | 130.00 | NOTE | |||
r-oldrel-windows-x86_64 | 1.1.0 | 208.00 | 655.00 | 863.00 | OK |
Version: 1.1.0
Check: package dependencies
Result: NOTE
Package suggested but not available for checking: ‘INLA’
Flavors: r-oldrel-macos-arm64, r-oldrel-macos-x86_64
Version: 1.1.0
Check: installed package size
Result: NOTE
installed size is 12.1Mb
sub-directories of 1Mb or more:
doc 2.0Mb
libs 9.6Mb
Flavors: r-oldrel-macos-arm64, r-oldrel-macos-x86_64
These binaries (installable software) and packages are in development.
They may not be fully stable and should be used with caution. We make no claims about them.