CRAN Package Check Results for Package picClip

Last updated on 2025-07-04 21:50:14 CEST.

Flavor Version Tinstall Tcheck Ttotal Status Flags
r-devel-linux-x86_64-debian-clang 0.1.0 3.61 34.39 38.00 NOTE
r-devel-linux-x86_64-debian-gcc 0.1.0 3.01 27.67 30.68 NOTE
r-devel-linux-x86_64-fedora-clang 0.1.0 56.97 OK
r-devel-linux-x86_64-fedora-gcc 0.1.0 53.55 OK
r-devel-windows-x86_64 0.1.0 5.00 58.00 63.00 OK
r-patched-linux-x86_64 0.1.0 3.90 32.73 36.63 OK
r-release-linux-x86_64 0.1.0 3.95 32.74 36.69 OK
r-release-macos-arm64 0.1.0 27.00 OK
r-release-macos-x86_64 0.1.0 43.00 OK
r-release-windows-x86_64 0.1.0 5.00 58.00 63.00 OK
r-oldrel-macos-arm64 0.1.0 23.00 OK
r-oldrel-macos-x86_64 0.1.0 33.00 OK
r-oldrel-windows-x86_64 0.1.0 7.00 67.00 74.00 OK

Check Details

Version: 0.1.0
Check: CRAN incoming feasibility
Result: NOTE Maintainer: ‘Matt Deppe <deppemj@gmail.com>’ No Authors@R field in DESCRIPTION. Please add one, modifying Authors@R: person(given = "Matt", family = "Deppe", role = c("aut", "cre"), email = "deppemj@gmail.com") as necessary. Flavors: r-devel-linux-x86_64-debian-clang, r-devel-linux-x86_64-debian-gcc

These binaries (installable software) and packages are in development.
They may not be fully stable and should be used with caution. We make no claims about them.