Last updated on 2025-05-02 13:50:53 CEST.
Flavor | Version | Tinstall | Tcheck | Ttotal | Status | Flags |
---|---|---|---|---|---|---|
r-devel-linux-x86_64-debian-clang | 0.1.0 | 3.59 | 34.08 | 37.67 | NOTE | |
r-devel-linux-x86_64-debian-gcc | 0.1.0 | 2.96 | 26.68 | 29.64 | NOTE | |
r-devel-linux-x86_64-fedora-clang | 0.1.0 | 59.52 | OK | |||
r-devel-linux-x86_64-fedora-gcc | 0.1.0 | 57.58 | OK | |||
r-devel-windows-x86_64 | 0.1.0 | 6.00 | 60.00 | 66.00 | OK | |
r-patched-linux-x86_64 | 0.1.0 | 3.60 | 32.63 | 36.23 | OK | |
r-release-linux-x86_64 | OK | |||||
r-release-macos-arm64 | 0.1.0 | 27.00 | OK | |||
r-release-macos-x86_64 | 0.1.0 | 43.00 | OK | |||
r-release-windows-x86_64 | 0.1.0 | 6.00 | 66.00 | 72.00 | OK | |
r-oldrel-macos-arm64 | 0.1.0 | 23.00 | OK | |||
r-oldrel-macos-x86_64 | 0.1.0 | 33.00 | OK | |||
r-oldrel-windows-x86_64 | 0.1.0 | 7.00 | 65.00 | 72.00 | OK |
Version: 0.1.0
Check: CRAN incoming feasibility
Result: NOTE
Maintainer: ‘Matt Deppe <deppemj@gmail.com>’
No Authors@R field in DESCRIPTION.
Please add one, modifying
Authors@R: person(given = "Matt",
family = "Deppe",
role = c("aut", "cre"),
email = "deppemj@gmail.com")
as necessary.
Flavors: r-devel-linux-x86_64-debian-clang, r-devel-linux-x86_64-debian-gcc
These binaries (installable software) and packages are in development.
They may not be fully stable and should be used with caution. We make no claims about them.