Last updated on 2025-11-12 18:50:41 CET.
| Flavor | Version | Tinstall | Tcheck | Ttotal | Status | Flags |
|---|---|---|---|---|---|---|
| r-devel-linux-x86_64-debian-clang | 0.1.0 | 3.99 | 36.43 | 40.42 | NOTE | |
| r-devel-linux-x86_64-debian-gcc | 0.1.0 | 2.72 | 29.13 | 31.85 | NOTE | |
| r-devel-linux-x86_64-fedora-clang | 0.1.0 | 59.40 | OK | |||
| r-devel-linux-x86_64-fedora-gcc | 0.1.0 | 55.12 | OK | |||
| r-devel-windows-x86_64 | 0.1.0 | 7.00 | 57.00 | 64.00 | OK | |
| r-patched-linux-x86_64 | 0.1.0 | 4.12 | 34.30 | 38.42 | OK | |
| r-release-linux-x86_64 | 0.1.0 | 3.71 | 34.64 | 38.35 | OK | |
| r-release-macos-arm64 | 0.1.0 | 2.00 | 25.00 | 27.00 | OK | |
| r-release-macos-x86_64 | 0.1.0 | 4.00 | 39.00 | 43.00 | OK | |
| r-release-windows-x86_64 | 0.1.0 | 6.00 | 58.00 | 64.00 | OK | |
| r-oldrel-macos-arm64 | 0.1.0 | 2.00 | 21.00 | 23.00 | OK | |
| r-oldrel-macos-x86_64 | 0.1.0 | 3.00 | 30.00 | 33.00 | OK | |
| r-oldrel-windows-x86_64 | 0.1.0 | 7.00 | 62.00 | 69.00 | OK |
Version: 0.1.0
Check: CRAN incoming feasibility
Result: NOTE
Maintainer: ‘Matt Deppe <deppemj@gmail.com>’
No Authors@R field in DESCRIPTION.
Please add one, modifying
Authors@R: person(given = "Matt",
family = "Deppe",
role = c("aut", "cre"),
email = "deppemj@gmail.com")
as necessary.
Flavors: r-devel-linux-x86_64-debian-clang, r-devel-linux-x86_64-debian-gcc
These binaries (installable software) and packages are in development.
They may not be fully stable and should be used with caution. We make no claims about them.