Last updated on 2025-02-16 08:50:56 CET.
Flavor | Version | Tinstall | Tcheck | Ttotal | Status | Flags |
---|---|---|---|---|---|---|
r-devel-linux-x86_64-debian-clang | 0.1.1 | 4.06 | 50.66 | 54.72 | NOTE | |
r-devel-linux-x86_64-debian-gcc | 0.1.1 | 2.80 | 41.06 | 43.86 | NOTE | |
r-devel-linux-x86_64-fedora-clang | 0.1.1 | 92.05 | NOTE | |||
r-devel-linux-x86_64-fedora-gcc | 0.1.1 | 105.01 | NOTE | |||
r-devel-macos-arm64 | 0.1.1 | 37.00 | OK | |||
r-devel-macos-x86_64 | 0.1.1 | 89.00 | NOTE | |||
r-devel-windows-x86_64 | 0.1.1 | 7.00 | 79.00 | 86.00 | NOTE | |
r-patched-linux-x86_64 | 0.1.1 | 3.69 | 49.14 | 52.83 | OK | |
r-release-linux-x86_64 | 0.1.1 | 3.46 | 49.32 | 52.78 | OK | |
r-release-macos-arm64 | 0.1.1 | 42.00 | OK | |||
r-release-macos-x86_64 | 0.1.1 | 98.00 | OK | |||
r-release-windows-x86_64 | 0.1.1 | 8.00 | 79.00 | 87.00 | OK | |
r-oldrel-macos-arm64 | 0.1.1 | 41.00 | OK | |||
r-oldrel-macos-x86_64 | 0.1.1 | 105.00 | OK | |||
r-oldrel-windows-x86_64 | 0.1.1 | 8.00 | 88.00 | 96.00 | OK |
Version: 0.1.1
Check: DESCRIPTION meta-information
Result: NOTE
Missing dependency on R >= 4.1.0 because package code uses the pipe
|> or function shorthand \(...) syntax added in R 4.1.0.
File(s) using such syntax:
‘exr-read.R’ ‘exr-types-read.R’ ‘exr-write.R’ ‘utils.R’
Flavors: r-devel-linux-x86_64-debian-clang, r-devel-linux-x86_64-debian-gcc, r-devel-linux-x86_64-fedora-clang, r-devel-linux-x86_64-fedora-gcc, r-devel-macos-x86_64, r-devel-windows-x86_64
These binaries (installable software) and packages are in development.
They may not be fully stable and should be used with caution. We make no claims about them.