Last updated on 2025-02-16 08:50:56 CET.
Flavor | Version | Tinstall | Tcheck | Ttotal | Status | Flags |
---|---|---|---|---|---|---|
r-devel-linux-x86_64-debian-clang | 0.50 | 5.13 | 57.56 | 62.69 | OK | |
r-devel-linux-x86_64-debian-gcc | 0.50 | 4.16 | 42.41 | 46.57 | OK | |
r-devel-linux-x86_64-fedora-clang | 0.50 | 99.57 | NOTE | |||
r-devel-linux-x86_64-fedora-gcc | 0.50 | 92.18 | NOTE | |||
r-devel-macos-arm64 | 0.50 | 32.00 | OK | |||
r-devel-macos-x86_64 | 0.50 | 59.00 | OK | |||
r-devel-windows-x86_64 | 0.50 | 8.00 | 77.00 | 85.00 | OK | |
r-patched-linux-x86_64 | 0.50 | 5.16 | 53.13 | 58.29 | OK | |
r-release-linux-x86_64 | 0.50 | 5.10 | 52.82 | 57.92 | OK | |
r-release-macos-arm64 | 0.50 | 29.00 | OK | |||
r-release-macos-x86_64 | 0.50 | 47.00 | OK | |||
r-release-windows-x86_64 | 0.50 | 8.00 | 75.00 | 83.00 | OK | |
r-oldrel-macos-arm64 | 0.50 | 34.00 | OK | |||
r-oldrel-macos-x86_64 | 0.50 | 51.00 | OK | |||
r-oldrel-windows-x86_64 | 0.50 | 9.00 | 85.00 | 94.00 | OK |
Version: 0.50
Check: dependencies in R code
Result: NOTE
Namespace in Imports field not imported from: ‘FrF2.catlg128’
All declared Imports should be used.
Flavors: r-devel-linux-x86_64-fedora-clang, r-devel-linux-x86_64-fedora-gcc
These binaries (installable software) and packages are in development.
They may not be fully stable and should be used with caution. We make no claims about them.