Last updated on 2025-10-26 17:50:43 CET.
| Flavor | Version | Tinstall | Tcheck | Ttotal | Status | Flags |
|---|---|---|---|---|---|---|
| r-devel-linux-x86_64-debian-clang | 0.50 | 5.96 | 74.87 | 80.83 | NOTE | |
| r-devel-linux-x86_64-debian-gcc | 0.50 | 4.51 | 54.82 | 59.33 | NOTE | |
| r-devel-linux-x86_64-fedora-clang | 0.50 | 30.00 | 100.82 | 130.82 | NOTE | |
| r-devel-linux-x86_64-fedora-gcc | 0.50 | 35.00 | 90.80 | 125.80 | NOTE | |
| r-devel-windows-x86_64 | 0.50 | 10.00 | 85.00 | 95.00 | OK | |
| r-patched-linux-x86_64 | 0.50 | 6.73 | 72.10 | 78.83 | OK | |
| r-release-linux-x86_64 | 0.50 | 5.97 | 71.85 | 77.82 | OK | |
| r-release-macos-arm64 | 0.50 | 3.00 | 29.00 | 32.00 | OK | |
| r-release-macos-x86_64 | 0.50 | 5.00 | 50.00 | 55.00 | OK | |
| r-release-windows-x86_64 | 0.50 | 9.00 | 88.00 | 97.00 | OK | |
| r-oldrel-macos-arm64 | 0.50 | 3.00 | 26.00 | 29.00 | OK | |
| r-oldrel-macos-x86_64 | 0.50 | 4.00 | 43.00 | 47.00 | OK | |
| r-oldrel-windows-x86_64 | 0.50 | 11.00 | 108.00 | 119.00 | OK |
Version: 0.50
Check: Rd files
Result: NOTE
checkRd: (-1) tradeOffTable.Rd:28: height/width attributes should be in pixels
Flavors: r-devel-linux-x86_64-debian-clang, r-devel-linux-x86_64-debian-gcc, r-devel-linux-x86_64-fedora-clang, r-devel-linux-x86_64-fedora-gcc
These binaries (installable software) and packages are in development.
They may not be fully stable and should be used with caution. We make no claims about them.