Last updated on 2025-11-11 15:50:42 CET.
| Flavor | Version | Tinstall | Tcheck | Ttotal | Status | Flags |
|---|---|---|---|---|---|---|
| r-devel-linux-x86_64-debian-clang | 1.1.0 | 8.30 | 65.45 | 73.75 | NOTE | |
| r-devel-linux-x86_64-debian-gcc | 1.1.0 | 5.62 | 49.47 | 55.09 | NOTE | |
| r-devel-linux-x86_64-fedora-clang | 1.1.0 | 47.00 | 71.32 | 118.32 | NOTE | |
| r-devel-linux-x86_64-fedora-gcc | 1.1.0 | 18.00 | 88.63 | 106.63 | NOTE | |
| r-devel-windows-x86_64 | 1.1.0 | 10.00 | 75.00 | 85.00 | NOTE | |
| r-patched-linux-x86_64 | 1.1.0 | 7.63 | 61.50 | 69.13 | NOTE | |
| r-release-linux-x86_64 | 1.1.0 | 7.24 | 61.09 | 68.33 | NOTE | |
| r-release-macos-arm64 | 1.1.0 | 3.00 | 26.00 | 29.00 | NOTE | |
| r-release-macos-x86_64 | 1.1.0 | 5.00 | 43.00 | 48.00 | NOTE | |
| r-release-windows-x86_64 | 1.1.0 | 12.00 | 75.00 | 87.00 | NOTE | |
| r-oldrel-macos-arm64 | 1.1.0 | 3.00 | 25.00 | 28.00 | OK | |
| r-oldrel-macos-x86_64 | 1.1.0 | 8.00 | 58.00 | 66.00 | OK | |
| r-oldrel-windows-x86_64 | 1.1.0 | 12.00 | 93.00 | 105.00 | OK |
Version: 1.1.0
Check: DESCRIPTION meta-information
Result: NOTE
Missing dependency on R >= 4.1.0 because package code uses the pipe
|> or function shorthand \(...) syntax added in R 4.1.0.
File(s) using such syntax:
‘piecenorm.R’
Flavors: r-devel-linux-x86_64-debian-clang, r-devel-linux-x86_64-debian-gcc, r-devel-linux-x86_64-fedora-clang, r-devel-linux-x86_64-fedora-gcc, r-devel-windows-x86_64, r-patched-linux-x86_64, r-release-linux-x86_64, r-release-macos-arm64, r-release-macos-x86_64, r-release-windows-x86_64
These binaries (installable software) and packages are in development.
They may not be fully stable and should be used with caution. We make no claims about them.