Last updated on 2025-07-01 15:49:57 CEST.
Flavor | Version | Tinstall | Tcheck | Ttotal | Status | Flags |
---|---|---|---|---|---|---|
r-devel-linux-x86_64-debian-clang | 1.1.0 | 7.74 | 57.55 | 65.29 | NOTE | |
r-devel-linux-x86_64-debian-gcc | 1.1.0 | 4.50 | 42.22 | 46.72 | NOTE | |
r-devel-linux-x86_64-fedora-clang | 1.1.0 | 92.98 | NOTE | |||
r-devel-linux-x86_64-fedora-gcc | 1.1.0 | 89.72 | NOTE | |||
r-devel-windows-x86_64 | 1.1.0 | 9.00 | 73.00 | 82.00 | NOTE | |
r-patched-linux-x86_64 | NOTE | |||||
r-release-linux-x86_64 | 1.1.0 | 6.75 | 52.09 | 58.84 | NOTE | |
r-release-macos-arm64 | 1.1.0 | 29.00 | NOTE | |||
r-release-macos-x86_64 | 1.1.0 | 48.00 | NOTE | |||
r-release-windows-x86_64 | 1.1.0 | 10.00 | 73.00 | 83.00 | NOTE | |
r-oldrel-macos-arm64 | 1.1.0 | 28.00 | OK | |||
r-oldrel-macos-x86_64 | 1.1.0 | 66.00 | OK | |||
r-oldrel-windows-x86_64 | 1.1.0 | 13.00 | 84.00 | 97.00 | OK |
Version: 1.1.0
Check: DESCRIPTION meta-information
Result: NOTE
Missing dependency on R >= 4.1.0 because package code uses the pipe
|> or function shorthand \(...) syntax added in R 4.1.0.
File(s) using such syntax:
‘piecenorm.R’
Flavors: r-devel-linux-x86_64-debian-clang, r-devel-linux-x86_64-debian-gcc, r-devel-linux-x86_64-fedora-clang, r-devel-linux-x86_64-fedora-gcc, r-devel-windows-x86_64, r-patched-linux-x86_64, r-release-linux-x86_64, r-release-macos-arm64, r-release-macos-x86_64, r-release-windows-x86_64
These binaries (installable software) and packages are in development.
They may not be fully stable and should be used with caution. We make no claims about them.