Last updated on 2025-02-16 08:50:56 CET.
Flavor | Version | Tinstall | Tcheck | Ttotal | Status | Flags |
---|---|---|---|---|---|---|
r-devel-linux-x86_64-debian-clang | 2.3.0.1 | 14.45 | 101.49 | 115.94 | NOTE | |
r-devel-linux-x86_64-debian-gcc | 2.3.0.1 | 8.57 | 73.65 | 82.22 | NOTE | |
r-devel-linux-x86_64-fedora-clang | 2.3.0.1 | 199.22 | OK | |||
r-devel-linux-x86_64-fedora-gcc | 2.3.0.1 | 188.86 | OK | |||
r-devel-macos-arm64 | 2.3.0.1 | 59.00 | OK | |||
r-devel-macos-x86_64 | 2.3.0.1 | 102.00 | OK | |||
r-devel-windows-x86_64 | 2.3.0.1 | 17.00 | 115.00 | 132.00 | NOTE | |
r-patched-linux-x86_64 | 2.3.0.1 | 21.47 | 95.60 | 117.07 | OK | |
r-release-linux-x86_64 | 2.3.0.1 | 13.13 | 95.48 | 108.61 | OK | |
r-release-macos-arm64 | 2.3.0.1 | 56.00 | OK | |||
r-release-macos-x86_64 | 2.3.0.1 | 124.00 | OK | |||
r-release-windows-x86_64 | 2.3.0.1 | 14.00 | 116.00 | 130.00 | OK | |
r-oldrel-macos-arm64 | 2.3.0 | 59.00 | OK | |||
r-oldrel-macos-x86_64 | 2.3.0 | 85.00 | OK |
Version: 2.3.0.1
Check: Rd cross-references
Result: NOTE
Found the following Rd file(s) with Rd \link{} targets missing package
anchors:
anova.psem.Rd: Anova
coefs.Rd: Anova
summary.psem.Rd: Anova
Please provide package anchors for all Rd \link{} targets not in the
package itself and the base packages.
Flavors: r-devel-linux-x86_64-debian-clang, r-devel-linux-x86_64-debian-gcc, r-devel-windows-x86_64
These binaries (installable software) and packages are in development.
They may not be fully stable and should be used with caution. We make no claims about them.