Last updated on 2025-10-23 21:51:36 CEST.
Flavor | Version | Tinstall | Tcheck | Ttotal | Status | Flags |
---|---|---|---|---|---|---|
r-devel-linux-x86_64-debian-clang | 2.3.1 | 13.20 | 105.35 | 118.55 | NOTE | |
r-devel-linux-x86_64-debian-gcc | 2.3.1 | 9.24 | 75.24 | 84.48 | OK | |
r-devel-linux-x86_64-fedora-clang | 2.3.1 | 66.00 | 130.31 | 196.31 | OK | |
r-devel-linux-x86_64-fedora-gcc | 2.3.1 | 27.00 | 161.43 | 188.43 | OK | |
r-devel-windows-x86_64 | 2.3.1 | 16.00 | 119.00 | 135.00 | OK | |
r-patched-linux-x86_64 | 2.3.1 | 14.31 | 99.53 | 113.84 | OK | |
r-release-linux-x86_64 | 2.3.1 | 13.21 | 98.23 | 111.44 | OK | |
r-release-macos-arm64 | 2.3.1 | 6.00 | 51.00 | 57.00 | OK | |
r-release-macos-x86_64 | 2.3.1 | 21.00 | 165.00 | 186.00 | OK | |
r-release-windows-x86_64 | 2.3.1 | 15.00 | 125.00 | 140.00 | OK | |
r-oldrel-macos-arm64 | 2.3.0.1 | 6.00 | 50.00 | 56.00 | OK | |
r-oldrel-macos-x86_64 | 2.3.0.1 | 13.00 | 111.00 | 124.00 | OK | |
r-oldrel-windows-x86_64 | 2.3.0.1 | 20.00 | 140.00 | 160.00 | OK |
Version: 2.3.1
Check: HTML version of manual
Result: NOTE
Found the following HTML validation problems:
as.psem.html:50:1 (as.psem.Rd:12): Warning: missing </ul> before </div>
cbind_fill.html:48:1 (cbind_fill.Rd:12): Warning: missing </ul> before </div>
evaluateClasses.html:46:1 (evaluateClasses.Rd:10): Warning: missing </ul> before </div>
getDAG.html:46:1 (getDAG.Rd:10): Warning: missing </ul> before </div>
print.anova.psem.html:51:1 (print.anova.psem.Rd:12): Warning: missing </ul> before </div>
print.basisSet.html:51:1 (print.basisSet.Rd:12): Warning: missing </ul> before </div>
print.multigroup.psem.html:51:1 (print.multigroup.psem.Rd:12): Warning: missing </ul> before </div>
print.psem.html:51:1 (print.psem.Rd:12): Warning: missing </ul> before </div>
print.summary.psem.html:51:1 (print.summary.psem.Rd:12): Warning: missing </ul> before </div>
Flavor: r-devel-linux-x86_64-debian-clang
These binaries (installable software) and packages are in development.
They may not be fully stable and should be used with caution. We make no claims about them.