Last updated on 2025-02-16 08:50:56 CET.
Flavor | Version | Tinstall | Tcheck | Ttotal | Status | Flags |
---|---|---|---|---|---|---|
r-devel-linux-x86_64-debian-clang | 0.1.4 | 3.79 | 32.83 | 36.62 | OK | |
r-devel-linux-x86_64-debian-gcc | 0.1.4 | 3.16 | 24.64 | 27.80 | OK | |
r-devel-linux-x86_64-fedora-clang | 0.1.4 | 61.14 | OK | |||
r-devel-linux-x86_64-fedora-gcc | 0.1.4 | 56.74 | OK | |||
r-devel-macos-arm64 | 0.1.4 | 23.00 | OK | |||
r-devel-macos-x86_64 | 0.1.4 | 39.00 | OK | |||
r-devel-windows-x86_64 | 0.1.4 | 5.00 | 58.00 | 63.00 | OK | |
r-patched-linux-x86_64 | 0.1.4 | 4.20 | 29.80 | 34.00 | NOTE | |
r-release-linux-x86_64 | 0.1.4 | 3.64 | 30.52 | 34.16 | NOTE | |
r-release-macos-arm64 | 0.1.4 | 22.00 | NOTE | |||
r-release-macos-x86_64 | 0.1.4 | 31.00 | NOTE | |||
r-release-windows-x86_64 | 0.1.4 | 6.00 | 60.00 | 66.00 | OK | |
r-oldrel-macos-arm64 | 0.1.4 | 23.00 | OK | |||
r-oldrel-macos-x86_64 | 0.1.4 | 31.00 | OK | |||
r-oldrel-windows-x86_64 | 0.1.4 | 7.00 | 56.00 | 63.00 | NOTE |
Version: 0.1.4
Check: package dependencies
Result: NOTE
Package suggested but not available for checking: ‘pinnacle.API’
Flavors: r-patched-linux-x86_64, r-release-linux-x86_64, r-release-macos-arm64, r-release-macos-x86_64, r-oldrel-windows-x86_64
These binaries (installable software) and packages are in development.
They may not be fully stable and should be used with caution. We make no claims about them.