Last updated on 2025-05-01 17:56:11 CEST.
Flavor | Version | Tinstall | Tcheck | Ttotal | Status | Flags |
---|---|---|---|---|---|---|
r-devel-linux-x86_64-debian-clang | 0.1.4 | 4.11 | 32.91 | 37.02 | NOTE | |
r-devel-linux-x86_64-debian-gcc | 0.1.4 | 3.07 | 25.05 | 28.12 | NOTE | |
r-devel-linux-x86_64-fedora-clang | 0.1.4 | 61.34 | OK | |||
r-devel-linux-x86_64-fedora-gcc | 0.1.4 | 57.62 | OK | |||
r-devel-windows-x86_64 | 0.1.4 | 5.00 | 57.00 | 62.00 | OK | |
r-patched-linux-x86_64 | 0.1.4 | 3.90 | 31.34 | 35.24 | OK | |
r-release-linux-x86_64 | OK | |||||
r-release-macos-arm64 | 0.1.4 | 23.00 | OK | |||
r-release-macos-x86_64 | 0.1.4 | 40.00 | OK | |||
r-release-windows-x86_64 | 0.1.4 | 6.00 | 59.00 | 65.00 | OK | |
r-oldrel-macos-arm64 | 0.1.4 | 22.00 | NOTE | |||
r-oldrel-macos-x86_64 | 0.1.4 | 31.00 | NOTE | |||
r-oldrel-windows-x86_64 | 0.1.4 | 6.00 | 57.00 | 63.00 | OK |
Version: 0.1.4
Check: CRAN incoming feasibility
Result: NOTE
Maintainer: ‘Marco Blume <marco.blume@pinnaclesports.com>’
No Authors@R field in DESCRIPTION.
Please add one, modifying
Authors@R: c(person(given = "Marco",
family = "Blume",
role = c("aut", "cre"),
email = "marco.blume@pinnaclesports.com"),
person(given = "Michael",
family = "Yan",
role = "aut"))
as necessary.
Flavors: r-devel-linux-x86_64-debian-clang, r-devel-linux-x86_64-debian-gcc
Version: 0.1.4
Check: package dependencies
Result: NOTE
Package suggested but not available for checking: ‘pinnacle.API’
Flavors: r-oldrel-macos-arm64, r-oldrel-macos-x86_64
These binaries (installable software) and packages are in development.
They may not be fully stable and should be used with caution. We make no claims about them.