CRAN Package Check Results for Package pinochet

Last updated on 2025-05-21 23:48:51 CEST.

Flavor Version Tinstall Tcheck Ttotal Status Flags
r-devel-linux-x86_64-debian-clang 0.1.0 1.69 24.95 26.64 NOTE
r-devel-linux-x86_64-debian-gcc 0.1.0 1.31 19.91 21.22 NOTE
r-devel-linux-x86_64-fedora-clang 0.1.0 42.50 OK
r-devel-linux-x86_64-fedora-gcc 0.1.0 56.07 OK
r-devel-windows-x86_64 0.1.0 4.00 55.00 59.00 OK
r-patched-linux-x86_64 0.1.0 1.44 24.14 25.58 OK
r-release-linux-x86_64 0.1.0 1.76 23.82 25.58 OK
r-release-macos-arm64 0.1.0 35.00 OK
r-release-macos-x86_64 0.1.0 43.00 OK
r-release-windows-x86_64 0.1.0 4.00 46.00 50.00 OK
r-oldrel-macos-arm64 0.1.0 24.00 OK
r-oldrel-macos-x86_64 0.1.0 38.00 OK
r-oldrel-windows-x86_64 0.1.0 3.00 51.00 54.00 OK

Check Details

Version: 0.1.0
Check: CRAN incoming feasibility
Result: NOTE Maintainer: ‘Danilo Freire <danilofreire@gmail.com>’ Package CITATION file contains call(s) to old-style personList() or as.personList(). Please use c() on person objects instead. Package CITATION file contains call(s) to old-style citEntry(). Please use bibentry() instead. Flavors: r-devel-linux-x86_64-debian-clang, r-devel-linux-x86_64-debian-gcc

These binaries (installable software) and packages are in development.
They may not be fully stable and should be used with caution. We make no claims about them.