Last updated on 2025-10-24 05:50:51 CEST.
| Flavor | Version | Tinstall | Tcheck | Ttotal | Status | Flags |
|---|---|---|---|---|---|---|
| r-devel-linux-x86_64-debian-clang | 0.5.1 | 5.88 | 59.34 | 65.22 | NOTE | |
| r-devel-linux-x86_64-debian-gcc | 0.5.1 | 4.58 | 42.40 | 46.98 | NOTE | |
| r-devel-linux-x86_64-fedora-clang | 0.5.1 | 19.00 | 80.38 | 99.38 | OK | |
| r-devel-linux-x86_64-fedora-gcc | 0.5.1 | 15.00 | 77.85 | 92.85 | OK | |
| r-devel-windows-x86_64 | 0.5.1 | 8.00 | 68.00 | 76.00 | OK | |
| r-patched-linux-x86_64 | 0.5.1 | 6.86 | 55.20 | 62.06 | OK | |
| r-release-linux-x86_64 | 0.5.1 | 6.58 | 54.90 | 61.48 | OK | |
| r-release-macos-arm64 | 0.5.1 | 3.00 | 22.00 | 25.00 | OK | |
| r-release-macos-x86_64 | 0.5.1 | 5.00 | 41.00 | 46.00 | OK | |
| r-release-windows-x86_64 | 0.5.1 | 9.00 | 68.00 | 77.00 | OK | |
| r-oldrel-macos-arm64 | 0.5.1 | 3.00 | 20.00 | 23.00 | OK | |
| r-oldrel-macos-x86_64 | 0.5.1 | 4.00 | 34.00 | 38.00 | OK | |
| r-oldrel-windows-x86_64 | 0.5.1 | 11.00 | 84.00 | 95.00 | OK |
Version: 0.5.1
Check: CRAN incoming feasibility
Result: NOTE
Maintainer: ‘Michael Sweeting <mjs212@medschl.cam.ac.uk>’
No Authors@R field in DESCRIPTION.
Please add one, modifying
Authors@R: person(given = "Michael",
family = "Sweeting",
role = c("aut", "cre"),
email = "mjs212@medschl.cam.ac.uk")
as necessary.
Flavors: r-devel-linux-x86_64-debian-clang, r-devel-linux-x86_64-debian-gcc
These binaries (installable software) and packages are in development.
They may not be fully stable and should be used with caution. We make no claims about them.