Last updated on 2025-02-16 08:50:56 CET.
Flavor | Version | Tinstall | Tcheck | Ttotal | Status | Flags |
---|---|---|---|---|---|---|
r-devel-linux-x86_64-debian-clang | 0.1.2 | 4.18 | 32.86 | 37.04 | OK | |
r-devel-linux-x86_64-debian-gcc | 0.1.2 | 3.00 | 25.44 | 28.44 | OK | |
r-devel-linux-x86_64-fedora-clang | 0.1.2 | 58.80 | OK | |||
r-devel-linux-x86_64-fedora-gcc | 0.1.2 | 55.52 | OK | |||
r-devel-macos-arm64 | 0.1.2 | 22.00 | OK | |||
r-devel-macos-x86_64 | 0.1.2 | 37.00 | OK | |||
r-devel-windows-x86_64 | 0.1.2 | 5.00 | 53.00 | 58.00 | OK | |
r-patched-linux-x86_64 | 0.1.2 | 3.92 | 30.75 | 34.67 | NOTE | |
r-release-linux-x86_64 | 0.1.2 | 3.56 | 31.05 | 34.61 | NOTE | |
r-release-macos-arm64 | 0.1.2 | 20.00 | NOTE | |||
r-release-macos-x86_64 | 0.1.2 | 31.00 | NOTE | |||
r-release-windows-x86_64 | 0.1.2 | 6.00 | 61.00 | 67.00 | NOTE | |
r-oldrel-macos-arm64 | 0.1.2 | 21.00 | NOTE | |||
r-oldrel-macos-x86_64 | 0.1.2 | 31.00 | NOTE | |||
r-oldrel-windows-x86_64 | 0.1.2 | 6.00 | 84.00 | 90.00 | NOTE |
Version: 0.1.2
Check: LazyData
Result: NOTE
'LazyData' is specified without a 'data' directory
Flavors: r-patched-linux-x86_64, r-release-linux-x86_64, r-release-macos-arm64, r-release-macos-x86_64, r-release-windows-x86_64, r-oldrel-macos-arm64, r-oldrel-macos-x86_64, r-oldrel-windows-x86_64
These binaries (installable software) and packages are in development.
They may not be fully stable and should be used with caution. We make no claims about them.