CRAN Package Check Results for Package piqp

Last updated on 2025-05-21 21:49:26 CEST.

Flavor Version Tinstall Tcheck Ttotal Status Flags
r-devel-linux-x86_64-debian-clang 0.2.2 64.49 63.98 128.47 OK
r-devel-linux-x86_64-debian-gcc 0.2.2 50.32 52.42 102.74 OK
r-devel-linux-x86_64-fedora-clang 0.2.2 193.94 OK
r-devel-linux-x86_64-fedora-gcc 0.2.2 258.80 OK
r-devel-windows-x86_64 0.2.2 62.00 108.00 170.00 OK
r-patched-linux-x86_64 0.2.2 70.59 64.90 135.49 OK
r-release-linux-x86_64 0.2.2 70.93 65.08 136.01 OK
r-release-macos-arm64 0.2.2 72.00 OK
r-release-macos-x86_64 0.2.2 136.00 OK
r-release-windows-x86_64 0.2.2 61.00 112.00 173.00 OK
r-oldrel-macos-arm64 0.2.2 63.00 NOTE
r-oldrel-macos-x86_64 0.2.2 109.00 NOTE
r-oldrel-windows-x86_64 0.2.2 70.00 115.00 185.00 OK

Check Details

Version: 0.2.2
Check: installed package size
Result: NOTE installed size is 25.5Mb sub-directories of 1Mb or more: libs 25.3Mb Flavors: r-oldrel-macos-arm64, r-oldrel-macos-x86_64

These binaries (installable software) and packages are in development.
They may not be fully stable and should be used with caution. We make no claims about them.