Last updated on 2024-07-27 15:50:29 CEST.
Flavor | Version | Tinstall | Tcheck | Ttotal | Status | Flags |
---|---|---|---|---|---|---|
r-devel-linux-x86_64-debian-clang | 0.2.2 | 92.23 | 79.60 | 171.83 | OK | |
r-devel-linux-x86_64-debian-gcc | 0.2.2 | OK | ||||
r-devel-linux-x86_64-fedora-clang | 0.2.2 | 205.49 | OK | |||
r-devel-linux-x86_64-fedora-gcc | 0.2.2 | 250.54 | OK | |||
r-devel-windows-x86_64 | 0.2.2 | 56.00 | 93.00 | 149.00 | OK | |
r-patched-linux-x86_64 | 0.2.2 | OK | ||||
r-release-linux-x86_64 | 0.2.2 | 71.26 | 77.30 | 148.56 | OK | |
r-release-macos-arm64 | 0.2.2 | 63.00 | NOTE | |||
r-release-macos-x86_64 | 0.2.2 | 109.00 | NOTE | |||
r-release-windows-x86_64 | 0.2.2 | 59.00 | 94.00 | 153.00 | OK | |
r-oldrel-macos-arm64 | 0.2.2 | 80.00 | NOTE | |||
r-oldrel-macos-x86_64 | 0.2.2 | 114.00 | NOTE | |||
r-oldrel-windows-x86_64 | 0.2.2 | 67.00 | 121.00 | 188.00 | OK |
Version: 0.2.2
Check: installed package size
Result: NOTE
installed size is 25.5Mb
sub-directories of 1Mb or more:
libs 25.3Mb
Flavors: r-release-macos-arm64, r-release-macos-x86_64, r-oldrel-macos-arm64, r-oldrel-macos-x86_64
These binaries (installable software) and packages are in development.
They may not be fully stable and should be used with caution. We make no claims about them.