CRAN Package Check Results for Package pivottabler

Last updated on 2025-07-13 15:48:53 CEST.

Flavor Version Tinstall Tcheck Ttotal Status Flags
r-devel-linux-x86_64-debian-clang 1.5.6 34.22 130.69 164.91 OK
r-devel-linux-x86_64-debian-gcc 1.5.6 23.13 86.45 109.58 OK
r-devel-linux-x86_64-fedora-clang 1.5.6 254.75 OK
r-devel-linux-x86_64-fedora-gcc 1.5.6 252.70 OK
r-devel-windows-x86_64 1.5.6 35.00 150.00 185.00 OK
r-patched-linux-x86_64 1.5.6 39.35 119.63 158.98 OK
r-release-linux-x86_64 1.5.6 29.52 120.57 150.09 OK
r-release-macos-arm64 1.5.6 66.00 OK
r-release-macos-x86_64 1.5.6 176.00 OK
r-release-windows-x86_64 1.5.6 36.00 156.00 192.00 OK
r-oldrel-macos-arm64 1.5.6 71.00 NOTE
r-oldrel-macos-x86_64 1.5.6 147.00 NOTE
r-oldrel-windows-x86_64 1.5.6 48.00 184.00 232.00 OK

Check Details

Version: 1.5.6
Check: installed package size
Result: NOTE installed size is 5.3Mb sub-directories of 1Mb or more: R 2.1Mb data 2.0Mb Flavors: r-oldrel-macos-arm64, r-oldrel-macos-x86_64

These binaries (installable software) and packages are in development.
They may not be fully stable and should be used with caution. We make no claims about them.