Last updated on 2025-05-01 14:49:18 CEST.
Flavor | Version | Tinstall | Tcheck | Ttotal | Status | Flags |
---|---|---|---|---|---|---|
r-devel-linux-x86_64-debian-clang | 0.4.0 | 5.96 | 54.89 | 60.85 | NOTE | |
r-devel-linux-x86_64-debian-gcc | 0.4.0 | 4.27 | 41.13 | 45.40 | NOTE | |
r-devel-linux-x86_64-fedora-clang | 0.4.0 | 97.18 | OK | |||
r-devel-linux-x86_64-fedora-gcc | 0.4.0 | 105.67 | OK | |||
r-devel-windows-x86_64 | 0.4.0 | 7.00 | 77.00 | 84.00 | OK | |
r-patched-linux-x86_64 | 0.4.0 | 5.20 | 51.12 | 56.32 | OK | |
r-release-linux-x86_64 | OK | |||||
r-release-macos-arm64 | 0.4.0 | 38.00 | OK | |||
r-release-macos-x86_64 | 0.4.0 | 84.00 | OK | |||
r-release-windows-x86_64 | 0.4.0 | 7.00 | 84.00 | 91.00 | OK | |
r-oldrel-macos-arm64 | 0.4.0 | 37.00 | OK | |||
r-oldrel-macos-x86_64 | 0.4.0 | 54.00 | OK | |||
r-oldrel-windows-x86_64 | 0.4.0 | 8.00 | 83.00 | 91.00 | OK |
Version: 0.4.0
Check: CRAN incoming feasibility
Result: NOTE
Maintainer: ‘Martin Stingl <martin.stingl@dfv.de>’
No Authors@R field in DESCRIPTION.
Please add one, modifying
Authors@R: person(given = "Martin",
family = "Stingl",
role = c("aut", "cre"),
email = "martin.stingl@dfv.de")
as necessary.
Flavors: r-devel-linux-x86_64-debian-clang, r-devel-linux-x86_64-debian-gcc
These binaries (installable software) and packages are in development.
They may not be fully stable and should be used with caution. We make no claims about them.