CRAN Package Check Results for Package pixiedust

Last updated on 2025-05-08 04:52:14 CEST.

Flavor Version Tinstall Tcheck Ttotal Status Flags
r-devel-linux-x86_64-debian-clang 0.9.4 7.03 92.92 99.95 NOTE
r-devel-linux-x86_64-debian-gcc 0.9.4 4.67 66.88 71.55 NOTE
r-devel-linux-x86_64-fedora-clang 0.9.4 156.76 NOTE
r-devel-linux-x86_64-fedora-gcc 0.9.4 163.76 NOTE
r-devel-windows-x86_64 0.9.4 9.00 114.00 123.00 NOTE
r-patched-linux-x86_64 0.9.4 8.60 86.82 95.42 NOTE
r-release-linux-x86_64 0.9.4 6.11 85.76 91.87 NOTE
r-release-macos-arm64 0.9.4 53.00 NOTE
r-release-macos-x86_64 0.9.4 104.00 NOTE
r-release-windows-x86_64 0.9.4 10.00 108.00 118.00 NOTE
r-oldrel-macos-arm64 0.9.4 45.00 NOTE
r-oldrel-macos-x86_64 0.9.4 76.00 NOTE
r-oldrel-windows-x86_64 0.9.4 11.00 133.00 144.00 NOTE

Check Details

Version: 0.9.4
Check: Rd files
Result: NOTE checkRd: (-1) sprinkle_colnames.Rd:26-28: Lost braces in \itemize; meant \describe ? checkRd: (-1) sprinkle_colnames.Rd:29-31: Lost braces in \itemize; meant \describe ? checkRd: (-1) tidy_levels_labels.Rd:62: Lost braces in \itemize; meant \describe ? checkRd: (-1) tidy_levels_labels.Rd:63-68: Lost braces in \itemize; meant \describe ? checkRd: (-1) tidy_levels_labels.Rd:69-73: Lost braces in \itemize; meant \describe ? checkRd: (-1) tidy_levels_labels.Rd:74-77: Lost braces in \itemize; meant \describe ? checkRd: (-1) tidy_levels_labels.Rd:78-83: Lost braces in \itemize; meant \describe ? Flavors: r-devel-linux-x86_64-debian-clang, r-devel-linux-x86_64-debian-gcc, r-devel-linux-x86_64-fedora-clang, r-devel-linux-x86_64-fedora-gcc, r-devel-windows-x86_64, r-patched-linux-x86_64, r-release-linux-x86_64, r-release-macos-arm64, r-release-macos-x86_64, r-release-windows-x86_64, r-oldrel-macos-arm64, r-oldrel-macos-x86_64, r-oldrel-windows-x86_64

These binaries (installable software) and packages are in development.
They may not be fully stable and should be used with caution. We make no claims about them.