Last updated on 2025-07-26 01:50:59 CEST.
Flavor | Version | Tinstall | Tcheck | Ttotal | Status | Flags |
---|---|---|---|---|---|---|
r-devel-linux-x86_64-debian-clang | 0.9.0 | 47.00 | 87.32 | 134.32 | OK | |
r-devel-linux-x86_64-debian-gcc | 0.9.0 | 30.47 | 59.38 | 89.85 | OK | |
r-devel-linux-x86_64-fedora-clang | 0.9.0 | 205.88 | OK | |||
r-devel-linux-x86_64-fedora-gcc | 0.9.0 | 211.45 | OK | |||
r-devel-windows-x86_64 | 0.9.0 | 72.00 | 90.00 | 162.00 | OK | |
r-patched-linux-x86_64 | 0.9.0 | 50.87 | 82.29 | 133.16 | OK | |
r-release-linux-x86_64 | 0.9.0 | 45.13 | 80.47 | 125.60 | OK | |
r-release-macos-arm64 | 0.9.0 | 58.00 | OK | |||
r-release-macos-x86_64 | 0.9.0 | 106.00 | OK | |||
r-release-windows-x86_64 | 0.9.0 | 74.00 | 101.00 | 175.00 | OK | |
r-oldrel-macos-arm64 | 0.9.0 | 56.00 | NOTE | |||
r-oldrel-macos-x86_64 | 0.9.0 | 120.00 | NOTE | |||
r-oldrel-windows-x86_64 | 0.9.0 | 84.00 | 121.00 | 205.00 | OK |
Version: 0.9.0
Check: installed package size
Result: NOTE
installed size is 6.1Mb
sub-directories of 1Mb or more:
R 2.1Mb
libs 3.1Mb
Flavors: r-oldrel-macos-arm64, r-oldrel-macos-x86_64
These binaries (installable software) and packages are in development.
They may not be fully stable and should be used with caution. We make no claims about them.