CRAN Package Check Results for Package pkgfilecache

Last updated on 2025-05-08 04:52:14 CEST.

Flavor Version Tinstall Tcheck Ttotal Status Flags
r-devel-linux-x86_64-debian-clang 0.1.5 1.70 25.17 26.87 OK
r-devel-linux-x86_64-debian-gcc 0.1.5 1.50 20.39 21.89 OK
r-devel-linux-x86_64-fedora-clang 0.1.5 42.68 NOTE
r-devel-linux-x86_64-fedora-gcc 0.1.5 55.07 NOTE
r-devel-windows-x86_64 0.1.5 2.00 55.00 57.00 OK
r-patched-linux-x86_64 0.1.5 1.93 24.24 26.17 OK
r-release-linux-x86_64 0.1.5 1.52 24.01 25.53 OK
r-release-macos-arm64 0.1.5 27.00 OK
r-release-macos-x86_64 0.1.5 44.00 OK
r-release-windows-x86_64 0.1.5 3.00 64.00 67.00 OK
r-oldrel-macos-arm64 0.1.5 25.00 OK
r-oldrel-macos-x86_64 0.1.5 35.00 OK
r-oldrel-windows-x86_64 0.1.5 3.00 60.00 63.00 OK

Check Details

Version: 0.1.5
Check: dependencies in R code
Result: NOTE Namespace in Imports field not imported from: ‘curl’ All declared Imports should be used. Flavors: r-devel-linux-x86_64-fedora-clang, r-devel-linux-x86_64-fedora-gcc

These binaries (installable software) and packages are in development.
They may not be fully stable and should be used with caution. We make no claims about them.