CRAN Package Check Results for Package pkgfilecache

Last updated on 2025-07-25 01:49:35 CEST.

Flavor Version Tinstall Tcheck Ttotal Status Flags
r-devel-linux-x86_64-debian-clang 0.1.5 1.90 25.84 27.74 OK
r-devel-linux-x86_64-debian-gcc 0.1.5 1.39 20.76 22.15 OK
r-devel-linux-x86_64-fedora-clang 0.1.5 42.82 NOTE
r-devel-linux-x86_64-fedora-gcc 0.1.5 53.40 NOTE
r-devel-windows-x86_64 0.1.5 4.00 64.00 68.00 OK
r-patched-linux-x86_64 0.1.5 1.75 24.14 25.89 OK
r-release-linux-x86_64 0.1.5 1.93 24.28 26.21 OK
r-release-macos-arm64 0.1.5 27.00 OK
r-release-macos-x86_64 0.1.5 44.00 OK
r-release-windows-x86_64 0.1.5 4.00 55.00 59.00 OK
r-oldrel-macos-arm64 0.1.5 25.00 OK
r-oldrel-macos-x86_64 0.1.5 35.00 OK
r-oldrel-windows-x86_64 0.1.5 4.00 58.00 62.00 OK

Check Details

Version: 0.1.5
Check: dependencies in R code
Result: NOTE Namespace in Imports field not imported from: ‘curl’ All declared Imports should be used. Flavors: r-devel-linux-x86_64-fedora-clang, r-devel-linux-x86_64-fedora-gcc

These binaries (installable software) and packages are in development.
They may not be fully stable and should be used with caution. We make no claims about them.