Last updated on 2025-11-12 12:53:18 CET.
| Flavor | Version | Tinstall | Tcheck | Ttotal | Status | Flags |
|---|---|---|---|---|---|---|
| r-devel-linux-x86_64-debian-clang | 0.2.3 | 13.22 | 164.82 | 178.04 | NOTE | |
| r-devel-linux-x86_64-debian-gcc | 0.2.3 | 7.76 | 121.18 | 128.94 | NOTE | |
| r-devel-linux-x86_64-fedora-clang | 0.2.3 | 31.00 | 228.01 | 259.01 | NOTE | |
| r-devel-linux-x86_64-fedora-gcc | 0.2.3 | 25.00 | 249.38 | 274.38 | NOTE | |
| r-devel-windows-x86_64 | 0.2.3 | 14.00 | 146.00 | 160.00 | NOTE | |
| r-patched-linux-x86_64 | 0.2.3 | 10.56 | 158.13 | 168.69 | NOTE | |
| r-release-linux-x86_64 | 0.2.3 | 10.16 | 158.40 | 168.56 | NOTE | |
| r-release-macos-arm64 | 0.2.3 | 5.00 | 63.00 | 68.00 | NOTE | |
| r-release-macos-x86_64 | 0.2.3 | 10.00 | 148.00 | 158.00 | NOTE | |
| r-release-windows-x86_64 | 0.2.3 | 15.00 | 144.00 | 159.00 | NOTE | |
| r-oldrel-macos-arm64 | 0.2.3 | 5.00 | 62.00 | 67.00 | NOTE | |
| r-oldrel-macos-x86_64 | 0.2.3 | 8.00 | 93.00 | 101.00 | NOTE | |
| r-oldrel-windows-x86_64 | 0.2.3 | 18.00 | 208.00 | 226.00 | NOTE |
Version: 0.2.3
Check: package subdirectories
Result: NOTE
Problems with news in ‘NEWS.md’:
No news entries found.
Flavors: r-devel-linux-x86_64-debian-clang, r-devel-linux-x86_64-debian-gcc, r-devel-linux-x86_64-fedora-clang, r-devel-linux-x86_64-fedora-gcc, r-devel-windows-x86_64, r-patched-linux-x86_64, r-release-linux-x86_64, r-release-macos-arm64, r-release-macos-x86_64, r-release-windows-x86_64, r-oldrel-macos-arm64, r-oldrel-macos-x86_64, r-oldrel-windows-x86_64
These binaries (installable software) and packages are in development.
They may not be fully stable and should be used with caution. We make no claims about them.