Last updated on 2025-11-12 23:50:53 CET.
| Flavor | Version | Tinstall | Tcheck | Ttotal | Status | Flags |
|---|---|---|---|---|---|---|
| r-devel-linux-x86_64-debian-clang | 0.1.3 | 4.43 | 43.24 | 47.67 | NOTE | |
| r-devel-linux-x86_64-debian-gcc | 0.1.3 | 3.82 | 31.83 | 35.65 | NOTE | |
| r-devel-linux-x86_64-fedora-clang | 0.1.3 | 71.48 | OK | |||
| r-devel-linux-x86_64-fedora-gcc | 0.1.3 | 13.00 | 59.66 | 72.66 | OK | |
| r-devel-windows-x86_64 | 0.1.3 | 6.00 | 64.00 | 70.00 | OK | |
| r-patched-linux-x86_64 | 0.1.3 | 6.52 | 41.04 | 47.56 | OK | |
| r-release-linux-x86_64 | 0.1.3 | 5.90 | 40.72 | 46.62 | OK | |
| r-release-macos-arm64 | 0.1.3 | 2.00 | 25.00 | 27.00 | OK | |
| r-release-macos-x86_64 | 0.1.3 | 5.00 | 37.00 | 42.00 | OK | |
| r-release-windows-x86_64 | 0.1.3 | 6.00 | 62.00 | 68.00 | OK | |
| r-oldrel-macos-arm64 | 0.1.3 | 2.00 | 21.00 | 23.00 | OK | |
| r-oldrel-macos-x86_64 | 0.1.3 | 4.00 | 33.00 | 37.00 | OK | |
| r-oldrel-windows-x86_64 | 0.1.3 | 6.00 | 72.00 | 78.00 | OK |
Version: 0.1.3
Check: CRAN incoming feasibility
Result: NOTE
Maintainer: ‘Kyun-Seop Bae <k@acr.kr>’
No Authors@R field in DESCRIPTION.
Please add one, modifying
Authors@R: c(person(given = "Kyun-Seop",
family = "Bae",
role = c("aut", "cre"),
email = "k@acr.kr"),
person(given = c("Jee", "Eun"),
family = "Lee",
role = "aut"))
as necessary.
Flavors: r-devel-linux-x86_64-debian-clang, r-devel-linux-x86_64-debian-gcc
These binaries (installable software) and packages are in development.
They may not be fully stable and should be used with caution. We make no claims about them.