Last updated on 2025-05-01 08:52:41 CEST.
Flavor | Version | Tinstall | Tcheck | Ttotal | Status | Flags |
---|---|---|---|---|---|---|
r-devel-linux-x86_64-debian-clang | 1.2.3 | 6.31 | 65.44 | 71.75 | NOTE | |
r-devel-linux-x86_64-debian-gcc | 1.2.3 | 5.04 | 47.76 | 52.80 | NOTE | |
r-devel-linux-x86_64-fedora-clang | 1.2.3 | 108.66 | OK | |||
r-devel-linux-x86_64-fedora-gcc | 1.2.3 | 118.09 | OK | |||
r-devel-windows-x86_64 | 1.2.3 | 8.00 | 87.00 | 95.00 | OK | |
r-patched-linux-x86_64 | 1.2.3 | 6.57 | 63.15 | 69.72 | OK | |
r-release-linux-x86_64 | OK | |||||
r-release-macos-arm64 | 1.2.3 | 42.00 | OK | |||
r-release-macos-x86_64 | 1.2.3 | 71.00 | OK | |||
r-release-windows-x86_64 | 1.2.3 | 9.00 | 93.00 | 102.00 | OK | |
r-oldrel-macos-arm64 | 1.2.3 | 38.00 | OK | |||
r-oldrel-macos-x86_64 | 1.2.3 | 61.00 | OK | |||
r-oldrel-windows-x86_64 | 1.2.3 | 10.00 | 95.00 | 105.00 | OK |
Version: 1.2.3
Check: CRAN incoming feasibility
Result: NOTE
Maintainer: ‘Nan-Hung Hsieh <d99622005@ntu.edu.tw>’
Package CITATION file contains call(s) to old-style personList() or
as.personList(). Please use c() on person objects instead.
Package CITATION file contains call(s) to old-style citEntry(). Please
use bibentry() instead.
Flavors: r-devel-linux-x86_64-debian-clang, r-devel-linux-x86_64-debian-gcc
These binaries (installable software) and packages are in development.
They may not be fully stable and should be used with caution. We make no claims about them.