CRAN Package Check Results for Package pksensi

Last updated on 2025-07-03 03:49:49 CEST.

Flavor Version Tinstall Tcheck Ttotal Status Flags
r-devel-linux-x86_64-debian-clang 1.2.3 6.85 68.49 75.34 NOTE
r-devel-linux-x86_64-debian-gcc 1.2.3 4.23 48.14 52.37 NOTE
r-devel-linux-x86_64-fedora-clang 1.2.3 113.73 OK
r-devel-linux-x86_64-fedora-gcc 1.2.3 121.48 OK
r-devel-windows-x86_64 1.2.3 8.00 79.00 87.00 OK
r-patched-linux-x86_64 1.2.3 6.23 62.88 69.11 OK
r-release-linux-x86_64 1.2.3 6.16 63.96 70.12 OK
r-release-macos-arm64 1.2.3 42.00 OK
r-release-macos-x86_64 1.2.3 71.00 OK
r-release-windows-x86_64 1.2.3 9.00 82.00 91.00 OK
r-oldrel-macos-arm64 1.2.3 38.00 OK
r-oldrel-macos-x86_64 1.2.3 61.00 OK
r-oldrel-windows-x86_64 1.2.3 11.00 98.00 109.00 OK

Check Details

Version: 1.2.3
Check: CRAN incoming feasibility
Result: NOTE Maintainer: ‘Nan-Hung Hsieh <d99622005@ntu.edu.tw>’ Package CITATION file contains call(s) to old-style personList() or as.personList(). Please use c() on person objects instead. Package CITATION file contains call(s) to old-style citEntry(). Please use bibentry() instead. Flavors: r-devel-linux-x86_64-debian-clang, r-devel-linux-x86_64-debian-gcc

These binaries (installable software) and packages are in development.
They may not be fully stable and should be used with caution. We make no claims about them.