CRAN Package Check Results for Package plac

Last updated on 2025-07-24 03:50:07 CEST.

Flavor Version Tinstall Tcheck Ttotal Status Flags
r-devel-linux-x86_64-debian-clang 0.1.3 90.98 69.54 160.52 OK
r-devel-linux-x86_64-debian-gcc 0.1.3 76.33 58.52 134.85 OK
r-devel-linux-x86_64-fedora-clang 0.1.3 248.06 OK
r-devel-linux-x86_64-fedora-gcc 0.1.3 291.90 OK
r-devel-windows-x86_64 0.1.3 89.00 113.00 202.00 OK
r-patched-linux-x86_64 0.1.3 96.47 75.19 171.66 OK
r-release-linux-x86_64 0.1.3 103.47 74.63 178.10 OK
r-release-macos-arm64 0.1.3 76.00 OK
r-release-macos-x86_64 0.1.3 107.00 OK
r-release-windows-x86_64 0.1.3 88.00 111.00 199.00 OK
r-oldrel-macos-arm64 0.1.3 75.00 NOTE
r-oldrel-macos-x86_64 0.1.3 87.00 NOTE
r-oldrel-windows-x86_64 0.1.3 107.00 134.00 241.00 OK

Check Details

Version: 0.1.3
Check: installed package size
Result: NOTE installed size is 28.9Mb sub-directories of 1Mb or more: libs 28.8Mb Flavors: r-oldrel-macos-arm64, r-oldrel-macos-x86_64

These binaries (installable software) and packages are in development.
They may not be fully stable and should be used with caution. We make no claims about them.