CRAN Package Check Results for Package plac

Last updated on 2025-11-16 03:50:05 CET.

Flavor Version Tinstall Tcheck Ttotal Status Flags
r-devel-linux-x86_64-debian-clang 0.1.3 94.06 70.21 164.27 OK
r-devel-linux-x86_64-debian-gcc 0.1.3 74.53 59.76 134.29 OK
r-devel-linux-x86_64-fedora-clang 0.1.3 137.00 115.53 252.53 OK
r-devel-linux-x86_64-fedora-gcc 0.1.3 96.00 200.37 296.37 OK
r-devel-windows-x86_64 0.1.3 94.00 106.00 200.00 OK
r-patched-linux-x86_64 0.1.3 100.82 76.09 176.91 OK
r-release-linux-x86_64 0.1.3 101.85 76.80 178.65 OK
r-release-macos-arm64 0.1.3 39.00 37.00 76.00 OK
r-release-macos-x86_64 0.1.3 39.00 68.00 107.00 OK
r-release-windows-x86_64 0.1.3 90.00 108.00 198.00 OK
r-oldrel-macos-arm64 0.1.3 41.00 34.00 75.00 NOTE
r-oldrel-macos-x86_64 0.1.3 33.00 54.00 87.00 NOTE
r-oldrel-windows-x86_64 0.1.3 110.00 131.00 241.00 OK

Check Details

Version: 0.1.3
Check: installed package size
Result: NOTE installed size is 28.9Mb sub-directories of 1Mb or more: libs 28.8Mb Flavors: r-oldrel-macos-arm64, r-oldrel-macos-x86_64

These binaries (installable software) and packages are in development.
They may not be fully stable and should be used with caution. We make no claims about them.