CRAN Package Check Results for Package placer

Last updated on 2025-11-14 05:51:09 CET.

Flavor Version Tinstall Tcheck Ttotal Status Flags
r-devel-linux-x86_64-debian-clang 0.1.3 1.57 77.67 79.24 NOTE
r-devel-linux-x86_64-debian-gcc 0.1.3 1.36 50.19 51.55 NOTE
r-devel-linux-x86_64-fedora-clang 0.1.3 117.08 OK
r-devel-linux-x86_64-fedora-gcc 0.1.3 131.96 OK
r-devel-windows-x86_64 0.1.3 4.00 82.00 86.00 OK
r-patched-linux-x86_64 0.1.3 1.75 73.41 75.16 OK
r-release-linux-x86_64 0.1.3 1.58 73.46 75.04 OK
r-release-macos-arm64 0.1.3 1.00 40.00 41.00 OK
r-release-macos-x86_64 0.1.3 1.00 80.00 81.00 OK
r-release-windows-x86_64 0.1.3 3.00 79.00 82.00 OK
r-oldrel-macos-arm64 0.1.3 1.00 41.00 42.00 OK
r-oldrel-macos-x86_64 0.1.3 1.00 60.00 61.00 OK
r-oldrel-windows-x86_64 0.1.3 3.00 113.00 116.00 OK

Check Details

Version: 0.1.3
Check: CRAN incoming feasibility
Result: NOTE Maintainer: ‘Davi Castro-Tavares <davi.tavares@leibniz-zmt.de>’ Package CITATION file contains call(s) to old-style personList() or as.personList(). Please use c() on person objects instead. Package CITATION file contains call(s) to old-style citEntry(). Please use bibentry() instead. Flavors: r-devel-linux-x86_64-debian-clang, r-devel-linux-x86_64-debian-gcc

These binaries (installable software) and packages are in development.
They may not be fully stable and should be used with caution. We make no claims about them.