Last updated on 2025-02-16 08:50:57 CET.
Flavor | Version | Tinstall | Tcheck | Ttotal | Status | Flags |
---|---|---|---|---|---|---|
r-devel-linux-x86_64-debian-clang | 0.0.2 | 2.99 | 28.87 | 31.86 | NOTE | |
r-devel-linux-x86_64-debian-gcc | 0.0.2 | 2.12 | 22.56 | 24.68 | NOTE | |
r-devel-linux-x86_64-fedora-clang | 0.0.2 | 49.93 | NOTE | |||
r-devel-linux-x86_64-fedora-gcc | 0.0.2 | 48.46 | NOTE | |||
r-devel-macos-arm64 | 0.0.2 | 36.00 | OK | |||
r-devel-macos-x86_64 | 0.0.2 | 47.00 | NOTE | |||
r-devel-windows-x86_64 | 0.0.2 | 5.00 | 65.00 | 70.00 | NOTE | |
r-patched-linux-x86_64 | 0.0.2 | 2.53 | 27.47 | 30.00 | OK | |
r-release-linux-x86_64 | 0.0.2 | 2.64 | 27.36 | 30.00 | OK | |
r-release-macos-arm64 | 0.0.2 | 33.00 | OK | |||
r-release-macos-x86_64 | 0.0.2 | 42.00 | OK | |||
r-release-windows-x86_64 | 0.0.2 | 6.00 | 58.00 | 64.00 | OK | |
r-oldrel-macos-arm64 | 0.0.2 | 32.00 | OK | |||
r-oldrel-macos-x86_64 | 0.0.2 | 43.00 | OK | |||
r-oldrel-windows-x86_64 | 0.0.2 | 6.00 | 70.00 | 76.00 | OK |
Version: 0.0.2
Check: DESCRIPTION meta-information
Result: NOTE
Missing dependency on R >= 4.1.0 because package code uses the pipe
|> or function shorthand \(...) syntax added in R 4.1.0.
File(s) using such syntax:
‘ingest.R’ ‘model_versions.R’ ‘supported_states.R’ ‘upload.R’
Flavors: r-devel-linux-x86_64-debian-clang, r-devel-linux-x86_64-debian-gcc, r-devel-linux-x86_64-fedora-clang, r-devel-linux-x86_64-fedora-gcc, r-devel-macos-x86_64, r-devel-windows-x86_64
These binaries (installable software) and packages are in development.
They may not be fully stable and should be used with caution. We make no claims about them.