Last updated on 2025-10-03 03:50:51 CEST.
Flavor | Version | Tinstall | Tcheck | Ttotal | Status | Flags |
---|---|---|---|---|---|---|
r-devel-linux-x86_64-debian-clang | 0.1.3 | 7.62 | 72.86 | 80.48 | NOTE | |
r-devel-linux-x86_64-debian-gcc | 0.1.3 | 6.12 | 52.38 | 58.50 | NOTE | |
r-devel-linux-x86_64-fedora-clang | 0.1.3 | 117.51 | NOTE | |||
r-devel-linux-x86_64-fedora-gcc | 0.1.3 | 116.95 | NOTE | |||
r-devel-windows-x86_64 | 0.1.3 | 9.00 | 80.00 | 89.00 | NOTE | |
r-patched-linux-x86_64 | 0.1.3 | 7.64 | 68.21 | 75.85 | NOTE | |
r-release-linux-x86_64 | 0.1.3 | 7.61 | 66.78 | 74.39 | NOTE | |
r-release-macos-arm64 | 0.1.3 | 57.00 | NOTE | |||
r-release-macos-x86_64 | 0.1.3 | 57.00 | NOTE | |||
r-release-windows-x86_64 | 0.1.3 | 10.00 | 80.00 | 90.00 | NOTE | |
r-oldrel-macos-arm64 | 0.1.3 | 30.00 | OK | |||
r-oldrel-macos-x86_64 | 0.1.3 | 46.00 | OK | |||
r-oldrel-windows-x86_64 | 0.1.3 | 12.00 | 96.00 | 108.00 | OK |
Version: 0.1.3
Check: DESCRIPTION meta-information
Result: NOTE
Missing dependency on R >= 4.1.0 because package code uses the pipe
|> or function shorthand \(...) syntax added in R 4.1.0.
File(s) using such syntax:
‘plot_season_form.R’
Flavors: r-devel-linux-x86_64-debian-clang, r-devel-linux-x86_64-debian-gcc, r-devel-linux-x86_64-fedora-clang, r-devel-linux-x86_64-fedora-gcc, r-devel-windows-x86_64, r-patched-linux-x86_64, r-release-linux-x86_64, r-release-macos-arm64, r-release-macos-x86_64, r-release-windows-x86_64
These binaries (installable software) and packages are in development.
They may not be fully stable and should be used with caution. We make no claims about them.