Last updated on 2025-07-19 21:49:44 CEST.
Flavor | Version | Tinstall | Tcheck | Ttotal | Status | Flags |
---|---|---|---|---|---|---|
r-devel-linux-x86_64-debian-clang | 0.2.1 | 4.11 | 226.69 | 230.80 | NOTE | |
r-devel-linux-x86_64-debian-gcc | 0.2.1 | 2.78 | 145.20 | 147.98 | NOTE | |
r-devel-linux-x86_64-fedora-clang | 0.2.1 | 336.32 | OK | |||
r-devel-linux-x86_64-fedora-gcc | 0.2.1 | 378.50 | OK | |||
r-devel-windows-x86_64 | 0.2.1 | 5.00 | 295.00 | 300.00 | OK | |
r-patched-linux-x86_64 | 0.2.1 | 4.23 | 215.31 | 219.54 | OK | |
r-release-linux-x86_64 | 0.2.1 | 3.64 | 215.29 | 218.93 | OK | |
r-release-macos-arm64 | 0.2.1 | 121.00 | OK | |||
r-release-macos-x86_64 | 0.2.1 | 297.00 | OK | |||
r-release-windows-x86_64 | 0.2.1 | 5.00 | 288.00 | 293.00 | OK | |
r-oldrel-macos-arm64 | 0.2.1 | 112.00 | OK | |||
r-oldrel-macos-x86_64 | 0.2.1 | 225.00 | OK | |||
r-oldrel-windows-x86_64 | 0.2.1 | 6.00 | 403.00 | 409.00 | OK |
Version: 0.2.1
Check: CRAN incoming feasibility
Result: NOTE
Maintainer: ‘Carolyn J. Anderson <cja@illinois.edu>’
No Authors@R field in DESCRIPTION.
Please add one, modifying
Authors@R: person(given = c("Carolyn", "J."),
family = "Anderson",
role = c("aut", "cre"),
email = "cja@illinois.edu")
as necessary.
Flavors: r-devel-linux-x86_64-debian-clang, r-devel-linux-x86_64-debian-gcc
These binaries (installable software) and packages are in development.
They may not be fully stable and should be used with caution. We make no claims about them.