Last updated on 2025-10-03 15:49:58 CEST.
Flavor | Version | Tinstall | Tcheck | Ttotal | Status | Flags |
---|---|---|---|---|---|---|
r-devel-linux-x86_64-debian-clang | 1.9 | 14.13 | 114.81 | 128.94 | NOTE | |
r-devel-linux-x86_64-debian-gcc | 1.9 | 9.40 | 83.72 | 93.12 | NOTE | |
r-devel-linux-x86_64-fedora-clang | 1.9 | 193.45 | OK | |||
r-devel-linux-x86_64-fedora-gcc | 1.9 | 201.32 | OK | |||
r-devel-windows-x86_64 | 1.9 | 14.00 | 115.00 | 129.00 | OK | |
r-patched-linux-x86_64 | 1.9 | 12.89 | 109.33 | 122.22 | OK | |
r-release-linux-x86_64 | 1.9 | 11.31 | 109.37 | 120.68 | OK | |
r-release-macos-arm64 | 1.9 | 93.00 | OK | |||
r-release-macos-x86_64 | 1.9 | 104.00 | OK | |||
r-release-windows-x86_64 | 1.9 | 14.00 | 115.00 | 129.00 | OK | |
r-oldrel-macos-arm64 | 1.9 | 50.00 | OK | |||
r-oldrel-macos-x86_64 | 1.9 | 93.00 | OK | |||
r-oldrel-windows-x86_64 | 1.9 | 19.00 | 144.00 | 163.00 | OK |
Version: 1.9
Check: CRAN incoming feasibility
Result: NOTE
Maintainer: ‘Jason Sinnwell <sinnwell.jason@mayo.edu>’
No Authors@R field in DESCRIPTION.
Please add one, modifying
Authors@R: c(person(given = c("Daniel", "J"),
family = "Schaid",
role = "aut"),
person(given = "Jason",
family = "Sinnwell",
role = "cre",
email = "sinnwell.jason@mayo.edu"))
as necessary.
Flavors: r-devel-linux-x86_64-debian-clang, r-devel-linux-x86_64-debian-gcc
These binaries (installable software) and packages are in development.
They may not be fully stable and should be used with caution. We make no claims about them.