CRAN Package Check Results for Package pleiotest

Last updated on 2025-07-02 03:50:48 CEST.

Flavor Version Tinstall Tcheck Ttotal Status Flags
r-devel-linux-x86_64-debian-clang 1.0.0 27.22 30.57 57.79 NOTE
r-devel-linux-x86_64-debian-gcc 1.0.0 20.84 23.75 44.59 NOTE
r-devel-linux-x86_64-fedora-clang 1.0.0 110.07 NOTE
r-devel-linux-x86_64-fedora-gcc 1.0.0 97.94 NOTE
r-devel-windows-x86_64 1.0.0 35.00 65.00 100.00 NOTE
r-patched-linux-x86_64 NOTE
r-release-linux-x86_64 1.0.0 28.73 27.94 56.67 NOTE
r-release-macos-arm64 1.0.0 34.00 NOTE
r-release-macos-x86_64 1.0.0 44.00 NOTE
r-release-windows-x86_64 1.0.0 34.00 69.00 103.00 NOTE
r-oldrel-macos-arm64 1.0.0 30.00 NOTE
r-oldrel-macos-x86_64 1.0.0 38.00 NOTE
r-oldrel-windows-x86_64 1.0.0 36.00 76.00 112.00 NOTE

Check Details

Version: 1.0.0
Check: C++ specification
Result: NOTE Specified C++11: please drop specification unless essential Flavors: r-devel-linux-x86_64-debian-clang, r-devel-linux-x86_64-debian-gcc, r-devel-linux-x86_64-fedora-clang, r-devel-linux-x86_64-fedora-gcc, r-devel-windows-x86_64, r-patched-linux-x86_64, r-release-linux-x86_64, r-release-macos-arm64, r-release-macos-x86_64, r-release-windows-x86_64, r-oldrel-macos-arm64, r-oldrel-macos-x86_64, r-oldrel-windows-x86_64

These binaries (installable software) and packages are in development.
They may not be fully stable and should be used with caution. We make no claims about them.